{"id":861,"date":"2023-12-01T14:41:33","date_gmt":"2023-12-01T14:41:33","guid":{"rendered":"https:\/\/certermoli.org\/?page_id=861"},"modified":"2024-02-26T19:15:12","modified_gmt":"2024-02-26T19:15:12","slug":"prospettiva","status":"publish","type":"page","link":"https:\/\/certermoli.org\/?page_id=861","title":{"rendered":"Prospettiva"},"content":{"rendered":"\n<h2 class=\"wp-block-heading has-text-color has-link-color wp-elements-fe539656108c9db82c5c050d8b89f0b0\" style=\"color:#248721;font-size:16px\"><strong>15&nbsp;novembre&nbsp;2022<\/strong>&nbsp;&#8211;&nbsp;una scuola attenta per una societ\u00e0 capace &#8211; di Alessio Del Muto<\/h2>\n\n\n\n<div class=\"wp-block-media-text is-stacked-on-mobile is-vertically-aligned-top\"><figure class=\"wp-block-media-text__media\"><img loading=\"lazy\" decoding=\"async\" width=\"969\" height=\"1024\" src=\"https:\/\/certermoli.org\/wp-content\/uploads\/2023\/12\/XOJrpmgWa9Ii5_znolVS8HfCkiVUKK8XLlcGA7dFU8VR2F2WUp3T-btrrovtJwoBMEiqZbI40vrku82qOhg5Fws1Hk_EB3NaYOUm_0SEIKZ6s9JSQi4LQWQyIprXlv4kJww1280-969x1024.jpeg\" alt=\"\" class=\"wp-image-862 size-full\" srcset=\"https:\/\/certermoli.org\/wp-content\/uploads\/2023\/12\/XOJrpmgWa9Ii5_znolVS8HfCkiVUKK8XLlcGA7dFU8VR2F2WUp3T-btrrovtJwoBMEiqZbI40vrku82qOhg5Fws1Hk_EB3NaYOUm_0SEIKZ6s9JSQi4LQWQyIprXlv4kJww1280-969x1024.jpeg 969w, https:\/\/certermoli.org\/wp-content\/uploads\/2023\/12\/XOJrpmgWa9Ii5_znolVS8HfCkiVUKK8XLlcGA7dFU8VR2F2WUp3T-btrrovtJwoBMEiqZbI40vrku82qOhg5Fws1Hk_EB3NaYOUm_0SEIKZ6s9JSQi4LQWQyIprXlv4kJww1280-284x300.jpeg 284w, https:\/\/certermoli.org\/wp-content\/uploads\/2023\/12\/XOJrpmgWa9Ii5_znolVS8HfCkiVUKK8XLlcGA7dFU8VR2F2WUp3T-btrrovtJwoBMEiqZbI40vrku82qOhg5Fws1Hk_EB3NaYOUm_0SEIKZ6s9JSQi4LQWQyIprXlv4kJww1280-768x812.jpeg 768w, https:\/\/certermoli.org\/wp-content\/uploads\/2023\/12\/XOJrpmgWa9Ii5_znolVS8HfCkiVUKK8XLlcGA7dFU8VR2F2WUp3T-btrrovtJwoBMEiqZbI40vrku82qOhg5Fws1Hk_EB3NaYOUm_0SEIKZ6s9JSQi4LQWQyIprXlv4kJww1280.jpeg 1280w\" sizes=\"auto, (max-width: 969px) 100vw, 969px\" \/><\/figure><div class=\"wp-block-media-text__content\">\n<p style=\"font-size:16px\">Buonasera a tutti, vorrei innanzitutto ringraziare la Preside e i docenti per averci dato l\u2019opportunit\u00e0 di essere qui questa sera. Mi presento, sono&nbsp;<strong>Alessio Del Muto, studente dell\u2019Istituto Tecnico Industriale di Termoli,<\/strong>&nbsp;frequentante la classe quinta dell\u2019indirizzo Automazione.<\/p>\n\n\n\n<p style=\"font-size:16px\">Oggi sono qui in qualit\u00e0 di portavoce del gruppo studentesco che, con il sostegno dei docenti, \u00e8 stato preposto alla&nbsp;<strong>realizzazione del progetto CER Comunit\u00e0 Energetiche<\/strong>.<\/p>\n\n\n\n<p style=\"font-size:16px\">\u00c8 per noi ragazzi&nbsp;<strong>un onore e una grande, bella, responsabilit\u00e0 potervi partecipare<\/strong>&nbsp;e dare prova delle competenze che abbiamo sviluppato nel corso di questi anni grazie alla nostra scuola. Abbiamo la consapevolezza di dover affrontare con la massima seriet\u00e0 questo progetto e siamo pronti per metterci all\u2019opera al massimo delle nostre capacit\u00e0.<\/p>\n\n\n\n<p style=\"font-size:16px\">Bene, il mio intervento ha come titolo la frase:&nbsp;<strong>Una scuola attenta per una societ\u00e0 capace<\/strong>. Qual \u00e8 dunque il significato di tale slogan? La scuola analizza i&nbsp;<strong>PROBLEMI<\/strong>, in questo caso&nbsp;<strong>ENERGETICI<\/strong>&nbsp;e&nbsp;<strong>AMBIENTALI<\/strong>, che caratterizzano la nostra societ\u00e0 e studia quali interventi si possono effettuare in proposito, spingendo noi studenti a metterci al servizio della comunit\u00e0, collaborando insieme al fine di ottenere uno&nbsp;<strong>SVILUPPO<\/strong>&nbsp;ambientale e oltretutto sociale, essenziale per il futuro di tutti.<\/p>\n\n\n\n<p style=\"font-size:16px\">Gettare le basi per un futuro roseo e sostenibile. Si tratta di questo, no?&nbsp;<strong>E allora chi, se non la scuola, la quale possiede le chiavi del futuro, pu\u00f2 dare una fondamentale mano nel perseguimento di questo obiettivo<\/strong>?<\/p>\n\n\n\n<p style=\"font-size:16px\">La scuola \u00e8 sempre attenta a tutte le tematiche che toccano la societ\u00e0, perch\u00e9 pu\u00f2 aiutare nella maggior parte dei casi offrendo spunti e concreti interventi, mediante la messa in atto di idee che nascono da ragazzi e docenti insieme, con una visione a 360 gradi di tutto quello che vi \u00e8 attorno, data dall\u2019incontro di tante correnti di pensiero tutte insieme.<\/p>\n\n\n\n<p style=\"font-size:16px\">C\u2019\u00e8 quindi la voglia di trovare soluzioni alle problematiche perch\u00e9 poi l\u00ec fuori saremo noi ragazzi a dover affrontare tutte le difficolt\u00e0 che incontreremo. Attraverso l\u2019istruzione siamo in grado di poter preparare il prato su cui poi cammineremo e allora ogni volta che abbiamo la possibilit\u00e0 di iniziare a togliere qualche erbaccia da quel prato, non ci tiriamo indietro.<\/p>\n\n\n\n<p style=\"font-size:16px\">Questo progetto \u00e8 sicuramente una di quelle possibilit\u00e0, poich\u00e9 affronta problematiche quali l\u2019inquinamento, il consumo energetico, l\u2019impatto ambientale, l\u2019arretratezza economica. Non banalit\u00e0.<\/p>\n\n\n\n<p style=\"font-size:16px\">Come ci ricorda l\u2019Agenda 2030, l\u2019energia \u00e8 infatti un elemento centrale per quasi tutte le sfide e le opportunit\u00e0 pi\u00f9 importanti che il mondo si trova oggi ad affrontare. Che sia per lavoro, sicurezza, cambiamento climatico, produzione alimentare o aumento dei redditi, l\u2019accesso all\u2019energia \u00e8 essenziale.<\/p>\n\n\n\n<p style=\"font-size:16px\">Il&nbsp;<strong>nostro Istituto continua dunque a porsi al servizio della comunit\u00e0<\/strong>, nel solco tracciato dai progetti e dalle campagne che hanno da sempre caratterizzato i nostri rapporti col territorio.<\/p>\n\n\n\n<p style=\"font-size:16px\">\u00c8 un lavoro che svolgeremo al di fuori dell\u2019ordinaria didattica: con la guida di esperti ingegneri e docenti,&nbsp;<strong>avremo l\u2019occasione di applicare le nostre competenze<\/strong>. Siamo pronti a metterci al lavoro, sperando cos\u00ec di essere un tassello importante del cambiamento che vogliamo vedere nella nostra societ\u00e0.<\/p>\n\n\n\n<p style=\"font-size:16px\">Ringrazio per l\u2019attenzione.<\/p>\n<\/div><\/div>\n\n\n\n<div style=\"height:100px\" aria-hidden=\"true\" class=\"wp-block-spacer\"><\/div>\n","protected":false},"excerpt":{"rendered":"<p>15&nbsp;novembre&nbsp;2022&nbsp;&#8211;&nbsp;una scuola attenta per una societ\u00e0 capace &#8211; di Alessio Del Muto Buonasera a tutti, vorrei innanzitutto ringraziare la Preside e i docenti per averci dato l\u2019opportunit\u00e0 di essere qui questa sera. Mi presento, sono&nbsp;Alessio Del Muto, studente dell\u2019Istituto Tecnico Industriale di Termoli,&nbsp;frequentante la classe quinta dell\u2019indirizzo Automazione. Oggi sono qui in qualit\u00e0 di portavoce [&hellip;]<\/p>\n","protected":false},"author":1,"featured_media":0,"parent":0,"menu_order":0,"comment_status":"closed","ping_status":"closed","template":"","meta":{"footnotes":""},"class_list":["post-861","page","type-page","status-publish","hentry"],"_links":{"self":[{"href":"https:\/\/certermoli.org\/index.php?rest_route=\/wp\/v2\/pages\/861","targetHints":{"allow":["GET"]}}],"collection":[{"href":"https:\/\/certermoli.org\/index.php?rest_route=\/wp\/v2\/pages"}],"about":[{"href":"https:\/\/certermoli.org\/index.php?rest_route=\/wp\/v2\/types\/page"}],"author":[{"embeddable":true,"href":"https:\/\/certermoli.org\/index.php?rest_route=\/wp\/v2\/users\/1"}],"replies":[{"embeddable":true,"href":"https:\/\/certermoli.org\/index.php?rest_route=%2Fwp%2Fv2%2Fcomments&post=861"}],"version-history":[{"count":4,"href":"https:\/\/certermoli.org\/index.php?rest_route=\/wp\/v2\/pages\/861\/revisions"}],"predecessor-version":[{"id":1380,"href":"https:\/\/certermoli.org\/index.php?rest_route=\/wp\/v2\/pages\/861\/revisions\/1380"}],"wp:attachment":[{"href":"https:\/\/certermoli.org\/index.php?rest_route=%2Fwp%2Fv2%2Fmedia&parent=861"}],"curies":[{"name":"wp","href":"https:\/\/api.w.org\/{rel}","templated":true}]}}

<h2 class="wp-block-heading has-text-color has-link-color wp-elements-fe539656108c9db82c5c050d8b89f0b0" style="color:#248721;font-size:16px"><strong>15&nbsp;novembre&nbsp;2022</strong>&nbsp;&#8211;&nbsp;una scuola attenta per una società capace &#8211; di Alessio Del Muto</h2>



<div class="wp-block-media-text is-stacked-on-mobile is-vertically-aligned-top"><figure class="wp-block-media-text__media"><img loading="lazy" decoding="async" width="969" height="1024" src="https://certermoli.org/wp-content/uploads/2023/12/XOJrpmgWa9Ii5_znolVS8HfCkiVUKK8XLlcGA7dFU8VR2F2WUp3T-btrrovtJwoBMEiqZbI40vrku82qOhg5Fws1Hk_EB3NaYOUm_0SEIKZ6s9JSQi4LQWQyIprXlv4kJww1280-969x1024.jpeg" alt="" class="wp-image-862 size-full" srcset="https://certermoli.org/wp-content/uploads/2023/12/XOJrpmgWa9Ii5_znolVS8HfCkiVUKK8XLlcGA7dFU8VR2F2WUp3T-btrrovtJwoBMEiqZbI40vrku82qOhg5Fws1Hk_EB3NaYOUm_0SEIKZ6s9JSQi4LQWQyIprXlv4kJww1280-969x1024.jpeg 969w, https://certermoli.org/wp-content/uploads/2023/12/XOJrpmgWa9Ii5_znolVS8HfCkiVUKK8XLlcGA7dFU8VR2F2WUp3T-btrrovtJwoBMEiqZbI40vrku82qOhg5Fws1Hk_EB3NaYOUm_0SEIKZ6s9JSQi4LQWQyIprXlv4kJww1280-284x300.jpeg 284w, https://certermoli.org/wp-content/uploads/2023/12/XOJrpmgWa9Ii5_znolVS8HfCkiVUKK8XLlcGA7dFU8VR2F2WUp3T-btrrovtJwoBMEiqZbI40vrku82qOhg5Fws1Hk_EB3NaYOUm_0SEIKZ6s9JSQi4LQWQyIprXlv4kJww1280-768x812.jpeg 768w, https://certermoli.org/wp-content/uploads/2023/12/XOJrpmgWa9Ii5_znolVS8HfCkiVUKK8XLlcGA7dFU8VR2F2WUp3T-btrrovtJwoBMEiqZbI40vrku82qOhg5Fws1Hk_EB3NaYOUm_0SEIKZ6s9JSQi4LQWQyIprXlv4kJww1280.jpeg 1280w" sizes="auto, (max-width: 969px) 100vw, 969px" /></figure><div class="wp-block-media-text__content">
<p style="font-size:16px">Buonasera a tutti, vorrei innanzitutto ringraziare la Preside e i docenti per averci dato l’opportunità di essere qui questa sera. Mi presento, sono&nbsp;<strong>Alessio Del Muto, studente dell’Istituto Tecnico Industriale di Termoli,</strong>&nbsp;frequentante la classe quinta dell’indirizzo Automazione.</p>



<p style="font-size:16px">Oggi sono qui in qualità di portavoce del gruppo studentesco che, con il sostegno dei docenti, è stato preposto alla&nbsp;<strong>realizzazione del progetto CER Comunità Energetiche</strong>.</p>



<p style="font-size:16px">È per noi ragazzi&nbsp;<strong>un onore e una grande, bella, responsabilità potervi partecipare</strong>&nbsp;e dare prova delle competenze che abbiamo sviluppato nel corso di questi anni grazie alla nostra scuola. Abbiamo la consapevolezza di dover affrontare con la massima serietà questo progetto e siamo pronti per metterci all’opera al massimo delle nostre capacità.</p>



<p style="font-size:16px">Bene, il mio intervento ha come titolo la frase:&nbsp;<strong>Una scuola attenta per una società capace</strong>. Qual è dunque il significato di tale slogan? La scuola analizza i&nbsp;<strong>PROBLEMI</strong>, in questo caso&nbsp;<strong>ENERGETICI</strong>&nbsp;e&nbsp;<strong>AMBIENTALI</strong>, che caratterizzano la nostra società e studia quali interventi si possono effettuare in proposito, spingendo noi studenti a metterci al servizio della comunità, collaborando insieme al fine di ottenere uno&nbsp;<strong>SVILUPPO</strong>&nbsp;ambientale e oltretutto sociale, essenziale per il futuro di tutti.</p>



<p style="font-size:16px">Gettare le basi per un futuro roseo e sostenibile. Si tratta di questo, no?&nbsp;<strong>E allora chi, se non la scuola, la quale possiede le chiavi del futuro, può dare una fondamentale mano nel perseguimento di questo obiettivo</strong>?</p>



<p style="font-size:16px">La scuola è sempre attenta a tutte le tematiche che toccano la società, perché può aiutare nella maggior parte dei casi offrendo spunti e concreti interventi, mediante la messa in atto di idee che nascono da ragazzi e docenti insieme, con una visione a 360 gradi di tutto quello che vi è attorno, data dall’incontro di tante correnti di pensiero tutte insieme.</p>



<p style="font-size:16px">C’è quindi la voglia di trovare soluzioni alle problematiche perché poi lì fuori saremo noi ragazzi a dover affrontare tutte le difficoltà che incontreremo. Attraverso l’istruzione siamo in grado di poter preparare il prato su cui poi cammineremo e allora ogni volta che abbiamo la possibilità di iniziare a togliere qualche erbaccia da quel prato, non ci tiriamo indietro.</p>



<p style="font-size:16px">Questo progetto è sicuramente una di quelle possibilità, poiché affronta problematiche quali l’inquinamento, il consumo energetico, l’impatto ambientale, l’arretratezza economica. Non banalità.</p>



<p style="font-size:16px">Come ci ricorda l’Agenda 2030, l’energia è infatti un elemento centrale per quasi tutte le sfide e le opportunità più importanti che il mondo si trova oggi ad affrontare. Che sia per lavoro, sicurezza, cambiamento climatico, produzione alimentare o aumento dei redditi, l’accesso all’energia è essenziale.</p>



<p style="font-size:16px">Il&nbsp;<strong>nostro Istituto continua dunque a porsi al servizio della comunità</strong>, nel solco tracciato dai progetti e dalle campagne che hanno da sempre caratterizzato i nostri rapporti col territorio.</p>



<p style="font-size:16px">È un lavoro che svolgeremo al di fuori dell’ordinaria didattica: con la guida di esperti ingegneri e docenti,&nbsp;<strong>avremo l’occasione di applicare le nostre competenze</strong>. Siamo pronti a metterci al lavoro, sperando così di essere un tassello importante del cambiamento che vogliamo vedere nella nostra società.</p>



<p style="font-size:16px">Ringrazio per l’attenzione.</p>
</div></div>



<div style="height:100px" aria-hidden="true" class="wp-block-spacer"></div>

<p>15&nbsp;novembre&nbsp;2022&nbsp;&#8211;&nbsp;una scuola attenta per una società capace &#8211; di Alessio Del Muto Buonasera a tutti, vorrei innanzitutto ringraziare la Preside e i docenti per averci dato l’opportunità di essere qui questa sera. Mi presento, sono&nbsp;Alessio Del Muto, studente dell’Istituto Tecnico Industriale di Termoli,&nbsp;frequentante la classe quinta dell’indirizzo Automazione. Oggi sono qui in qualità di portavoce [&hellip;]</p>
