{"id":627,"date":"2023-11-29T19:18:20","date_gmt":"2023-11-29T19:18:20","guid":{"rendered":"https:\/\/certermoli.org\/?page_id=627"},"modified":"2024-02-26T19:35:56","modified_gmt":"2024-02-26T19:35:56","slug":"storie-di-alternanza","status":"publish","type":"page","link":"https:\/\/certermoli.org\/?page_id=627","title":{"rendered":"Storie di alternanza"},"content":{"rendered":"<div class=\"wp-block-image\">\n<figure class=\"alignright size-full is-resized\"><img loading=\"lazy\" decoding=\"async\" width=\"943\" height=\"183\" src=\"https:\/\/certermoli.org\/wp-content\/uploads\/2023\/11\/media.png\" alt=\"\" class=\"wp-image-666\" style=\"width:513px;height:auto\" srcset=\"https:\/\/certermoli.org\/wp-content\/uploads\/2023\/11\/media.png 943w, https:\/\/certermoli.org\/wp-content\/uploads\/2023\/11\/media-300x58.png 300w, https:\/\/certermoli.org\/wp-content\/uploads\/2023\/11\/media-768x149.png 768w\" sizes=\"auto, (max-width: 943px) 100vw, 943px\" \/><\/figure>\n<\/div>\n\n\n<h2 class=\"wp-block-heading has-text-color has-link-color wp-elements-a485b4ccd09b062296b0b2986a21680b\" style=\"color:#248721\"><strong>13&nbsp;ottobre<\/strong>&nbsp;2023 &#8211; &#8220;<strong>Storie di alternanza e competenze<\/strong>&#8220;<br>https:\/\/www.storiedialternanza.it\/<\/h2>\n\n\n\n<div style=\"height:20px\" aria-hidden=\"true\" class=\"wp-block-spacer\"><\/div>\n\n\n\n<p style=\"font-size:16px\">Il Premio \u201cStorie di alternanza e competenze\u201d \u00e8 un\u2019iniziativa promossa dalle Camere di commercio e da Unioncamere con l\u2019obiettivo di valorizzare e dare visibilit\u00e0 a racconti di alternanza realizzati nell\u2019ambito di&nbsp;PCTO, di alternanza rafforzata, di tirocini curriculari e di percorsi di apprendistato (I e III livello)&nbsp;realizzati dagli studenti degli Istituti scolastici italiani del secondo ciclo di istruzione e degli ITS Academy su&nbsp;tematiche&nbsp;della transizione digitale, della sostenibilit\u00e0 ambientale, dell\u2019inclusione sociale, del turismo e della cultura, dell\u2019agroalimentare, della meccatronica, del sistema moda, del made in Italy e dell\u2019educazione finanziaria e all\u2019imprenditorialit\u00e0.<\/p>\n\n\n\n<div style=\"height:20px\" aria-hidden=\"true\" class=\"wp-block-spacer\"><\/div>\n\n\n\n<p style=\"font-size:16px\">Questi percorsi formativi, realizzati con le imprese e gli altri Enti coinvolti, diventano un\u2019esperienza particolarmente significativa per gli studenti e, pi\u00f9 in generale, per i giovani, anche attraverso il racconto \u201creso visibile\u201d delle attivit\u00e0 realizzate nel mondo dell\u2019istruzione, della formazione e del lavoro, con uno spazio specifico dedicato al sistema duale italiano e alle&nbsp;attivit\u00e0 del Sistema camerale finalizzate alla certificazione delle competenze&nbsp;acquisite dagli studenti durante i percorsi PCTO nei contesti aziendali.<\/p>\n\n\n\n<div style=\"height:20px\" aria-hidden=\"true\" class=\"wp-block-spacer\"><\/div>\n\n\n\n<p style=\"font-size:16px\">Inoltre, il Premio si inserisce nel filone di attivit\u00e0 che hanno l&#8217;obiettivo di&nbsp;<a href=\"https:\/\/excelsiorienta.unioncamere.it\/\" target=\"_blank\" rel=\"noreferrer noopener\">orientare gli studenti&nbsp;<\/a>a scelte consapevoli per il proprio futuro: dalla formazione post-diploma, al proseguimento con gli studi universitari o l&#8217;inserimento nel mercato del lavoro. A supporto di queste azioni il patrimonio di dati del&nbsp;<a href=\"https:\/\/www.youtube.com\/watch?v=gBefBF6V1YE\" target=\"_blank\" rel=\"noreferrer noopener\">Sistema informativo Excelsior&nbsp;<\/a>.<\/p>\n\n\n\n<div style=\"height:20px\" aria-hidden=\"true\" class=\"wp-block-spacer\"><\/div>\n\n\n\n<p>Il Premio \u00e8 suddiviso in&nbsp;quattro categorie&nbsp;distinte per tipologia di alternanza e relative a percorsi di:<\/p>\n\n\n\n<ol class=\"wp-block-list\">\n<li>Istituti tecnici (IT) e Istituti professionali (IP)&nbsp;\u2013 per percorsi PCTO, apprendistato di 1\u00b0 livello, alternanza rafforzata;<\/li>\n\n\n\n<li>ITS Academy&nbsp;\u2013 per tirocinio curriculare, apprendistato di 3\u00b0 livello;<\/li>\n\n\n\n<li>Licei&nbsp;\u2013 per percorsi PCTO;<\/li>\n\n\n\n<li>Progetti di educazione finanziaria e all\u2019imprenditorialit\u00e0&nbsp;. Possono partecipare Licei, Istituti tecnici e Professionali, ITS Academy con progetti di alternanza (PCTO\/tirocinio curriculare) che creino valore, opportunit\u00e0 e idee per s\u00e9 e per gli altri, che pu\u00f2 essere sociale, culturale o finanziario.<\/li>\n<\/ol>\n\n\n\n<div style=\"height:20px\" aria-hidden=\"true\" class=\"wp-block-spacer\"><\/div>\n\n\n\n<p>Sono ammessi a partecipare a questa edizione del Premio \u201cStorie di alternanza e competenze\u201d gli studenti, singoli o in gruppo, regolarmente iscritti e frequentanti (nel periodo di svolgimento dell\u2019attivit\u00e0 in oggetto) gli Istituti scolastici italiani di istruzione secondaria di secondo grado (Licei, Istituti tecnici, Istituti professionali) e gli Istituti Tecnologici Superiori (ITS Academy).<\/p>\n\n\n\n<div style=\"height:20px\" aria-hidden=\"true\" class=\"wp-block-spacer\"><\/div>\n\n\n\n<figure class=\"wp-block-embed is-type-video is-provider-youtube wp-block-embed-youtube wp-embed-aspect-16-9 wp-has-aspect-ratio\"><div class=\"wp-block-embed__wrapper\">\n<iframe loading=\"lazy\" title=\"CER Termoli -  Storie di Alternanza\" width=\"525\" height=\"295\" src=\"https:\/\/www.youtube.com\/embed\/dpafA-uMvxY?feature=oembed\" frameborder=\"0\" allow=\"accelerometer; autoplay; clipboard-write; encrypted-media; gyroscope; picture-in-picture; web-share\" referrerpolicy=\"strict-origin-when-cross-origin\" allowfullscreen><\/iframe>\n<\/div><\/figure>\n\n\n\n<div style=\"height:20px\" aria-hidden=\"true\" class=\"wp-block-spacer\"><\/div>\n\n\n<div class=\"wp-block-image\">\n<figure class=\"alignleft size-full is-resized\"><img loading=\"lazy\" decoding=\"async\" width=\"630\" height=\"902\" src=\"https:\/\/certermoli.org\/wp-content\/uploads\/2023\/11\/1_premio-1.png\" alt=\"\" class=\"wp-image-680\" style=\"width:262px;height:auto\" srcset=\"https:\/\/certermoli.org\/wp-content\/uploads\/2023\/11\/1_premio-1.png 630w, https:\/\/certermoli.org\/wp-content\/uploads\/2023\/11\/1_premio-1-210x300.png 210w\" sizes=\"auto, (max-width: 630px) 100vw, 630px\" \/><\/figure>\n<\/div>\n\n\n<p>L\u2019Istituto Tecnico \u201cE. Majorana\u201d di Termoli continua il lavoro iniziato sulle comunit\u00e0 energetiche ed ottiene il&nbsp;<strong>primo posto<\/strong>&nbsp;al Premio \u201c<strong>Storie di alternanza e competenze<\/strong>\u201d. L\u2019iniziativa promossa dalle Camere di commercio e da Unioncamere si pone l\u2019obiettivo di valorizzare e dare visibilit\u00e0 a racconti di alternanza realizzati nell\u2019ambito di PCTO, di alternanza rafforzata, di tirocini curriculari e di percorsi di apprendistato (I e III livello) realizzati dagli studenti degli Istituti scolastici italiani del secondo ciclo di istruzione e degli ITS Academy su tematiche della transizione digitale, della sostenibilit\u00e0 ambientale, dell\u2019inclusione sociale, del turismo e della cultura, dell\u2019agroalimentare, della meccatronica, del sistema moda, del made in Italy e dell\u2019educazione finanziaria e all\u2019imprenditorialit\u00e0.<\/p>\n\n\n\n<div style=\"height:20px\" aria-hidden=\"true\" class=\"wp-block-spacer\"><\/div>\n\n\n<div class=\"wp-block-image\">\n<figure class=\"alignleft size-large is-resized\"><img loading=\"lazy\" decoding=\"async\" width=\"1024\" height=\"738\" src=\"https:\/\/certermoli.org\/wp-content\/uploads\/2023\/11\/media-1024x738.jpg\" alt=\"\" class=\"wp-image-686\" style=\"width:331px;height:auto\" srcset=\"https:\/\/certermoli.org\/wp-content\/uploads\/2023\/11\/media-1024x738.jpg 1024w, https:\/\/certermoli.org\/wp-content\/uploads\/2023\/11\/media-300x216.jpg 300w, https:\/\/certermoli.org\/wp-content\/uploads\/2023\/11\/media-768x553.jpg 768w, https:\/\/certermoli.org\/wp-content\/uploads\/2023\/11\/media.jpg 1280w\" sizes=\"auto, (max-width: 1024px) 100vw, 1024px\" \/><\/figure>\n<\/div>\n\n\n<p>Questi percorsi formativi, realizzati con le imprese e gli altri Enti coinvolti, diventano un\u2019esperienza particolarmente significativa per gli studenti e, pi\u00f9 in generale, per i giovani, anche attraverso il racconto \u201creso visibile\u201d delle attivit\u00e0 realizzate nel mondo dell\u2019istruzione, della formazione e del lavoro, con uno spazio specifico dedicato al sistema duale italiano e alle attivit\u00e0 del Sistema camerale finalizzate alla certificazione delle competenze acquisite dagli studenti durante i percorsi PCTO nei contesti aziendali.<br>Ieri, venerd\u00ec 17 novembre presso la sede di Campobasso della Camera di Commercio del Molise \u00e8 stata consegnata la targa del premio alla dirigente, prof.ssa&nbsp;<strong>Maria Maddalena Chimisso<\/strong>, ai&nbsp;<strong>docenti ed alunni<\/strong>&nbsp;che hanno partecipato e all\u2019arch.&nbsp;<strong>Antonella Tundo<\/strong>&nbsp;in rappresentanza dell\u2019ENEA.<\/p>\n\n\n\n<div style=\"height:20px\" aria-hidden=\"true\" class=\"wp-block-spacer\"><\/div>\n\n\n\n<figure class=\"wp-block-gallery has-nested-images columns-default is-cropped wp-block-gallery-1 is-layout-flex wp-block-gallery-is-layout-flex\">\n<figure class=\"wp-block-image size-large\"><img loading=\"lazy\" decoding=\"async\" width=\"742\" height=\"926\" data-id=\"693\" src=\"https:\/\/certermoli.org\/wp-content\/uploads\/2023\/11\/media-3.jpg\" alt=\"\" class=\"wp-image-693\" srcset=\"https:\/\/certermoli.org\/wp-content\/uploads\/2023\/11\/media-3.jpg 742w, https:\/\/certermoli.org\/wp-content\/uploads\/2023\/11\/media-3-240x300.jpg 240w\" sizes=\"auto, (max-width: 742px) 100vw, 742px\" \/><\/figure>\n\n\n\n<figure class=\"wp-block-image size-large\"><img loading=\"lazy\" decoding=\"async\" width=\"1024\" height=\"768\" data-id=\"694\" src=\"https:\/\/certermoli.org\/wp-content\/uploads\/2023\/11\/media-2-1024x768.jpg\" alt=\"\" class=\"wp-image-694\" srcset=\"https:\/\/certermoli.org\/wp-content\/uploads\/2023\/11\/media-2-1024x768.jpg 1024w, https:\/\/certermoli.org\/wp-content\/uploads\/2023\/11\/media-2-300x225.jpg 300w, https:\/\/certermoli.org\/wp-content\/uploads\/2023\/11\/media-2-768x576.jpg 768w, https:\/\/certermoli.org\/wp-content\/uploads\/2023\/11\/media-2.jpg 1280w\" sizes=\"auto, (max-width: 1024px) 100vw, 1024px\" \/><\/figure>\n<\/figure>\n\n\n\n<div style=\"height:20px\" aria-hidden=\"true\" class=\"wp-block-spacer\"><\/div>\n\n\n\n<details class=\"wp-block-details is-layout-flow wp-block-details-is-layout-flow\"><summary>Rassegna stampa<\/summary>\n<ul class=\"wp-block-list\">\n<li><a href=\"https:\/\/www.primonumero.it\/2023\/11\/storie-di-alternanza-primo-premio-al-majorana-per-lavoro-su-comunita-energetiche\/1530800536\/\" target=\"_blank\" rel=\"noreferrer noopener\">Storie di alternanza, primo premio al Majorana per lavoro su comunit\u00e0 energetiche<\/a>\u00a0(<strong>primonumero.it<\/strong>)<\/li>\n<\/ul>\n\n\n\n<div style=\"height:16px\" aria-hidden=\"true\" class=\"wp-block-spacer\"><\/div>\n\n\n\n<ul class=\"wp-block-list\">\n<li><a href=\"https:\/\/www.termolionline.it\/news\/attualita\/1134139\/allistituto-majorana-il-primo-premio-storie-di-alternanza-sulle-comunita-energetiche\" target=\"_blank\" rel=\"noreferrer noopener\">All&#8217;istituto Majorana il primo premio &#8220;Storie di Alternanza&#8221; sulle comunit\u00e0 energetiche<\/a>\u00a0(<strong>termolionline.it<\/strong>)<\/li>\n<\/ul>\n\n\n\n<div style=\"height:16px\" aria-hidden=\"true\" class=\"wp-block-spacer\"><\/div>\n\n\n\n<ul class=\"wp-block-list\">\n<li><a href=\"https:\/\/www.ansa.it\/molise\/notizie\/2023\/11\/18\/storie-di-alternanza-e-competenze-premiati-i-vincitori_a5acb1b7-3b33-4669-8aa3-71a407e05130.html\" target=\"_blank\" rel=\"noreferrer noopener\">Storie di alternanza e competenze, premiati i vincitori<\/a>\u00a0(<strong>ansa.it<\/strong>)<\/li>\n<\/ul>\n\n\n\n<div style=\"height:16px\" aria-hidden=\"true\" class=\"wp-block-spacer\"><\/div>\n\n\n\n<ul class=\"wp-block-list\">\n<li><a href=\"https:\/\/www.molisenetwork.net\/2023\/11\/18\/alternanza-scuola-lavoro-storie-di-alternanza-e-competenze-2023-scuole\/\" target=\"_blank\" rel=\"noreferrer noopener\">Alternanza scuola-lavoro, i premiati di &#8220;Storie di Alternanza e Competenze 2023&#8221;: ecco le scuole<\/a>\u00a0(<strong>molisenetwork<\/strong><strong>.<\/strong><strong>net<\/strong>)<\/li>\n<\/ul>\n\n\n\n<div style=\"height:16px\" aria-hidden=\"true\" class=\"wp-block-spacer\"><\/div>\n\n\n\n<ul class=\"wp-block-list\">\n<li><a href=\"https:\/\/www.zonalocale.it\/2023\/11\/18\/listituto-tecnico-majorana-di-termoli-vince-il-1-posto-a-storie-di-alternanza-e-competenze\/\" target=\"_blank\" rel=\"noreferrer noopener\">L&#8217;Istituto tecnico Majorana di Termoli vince il 1\u00b0 posto a &#8220;Storie di alternanza e competenze&#8221;<\/a>&nbsp;(<strong>zonalocale.it<\/strong>)<\/li>\n<\/ul>\n<\/details>\n\n\n\n<div style=\"height:100px\" aria-hidden=\"true\" class=\"wp-block-spacer\"><\/div>\n","protected":false},"excerpt":{"rendered":"<p>13&nbsp;ottobre&nbsp;2023 &#8211; &#8220;Storie di alternanza e competenze&#8220;https:\/\/www.storiedialternanza.it\/ Il Premio \u201cStorie di alternanza e competenze\u201d \u00e8 un\u2019iniziativa promossa dalle Camere di commercio e da Unioncamere con l\u2019obiettivo di valorizzare e dare visibilit\u00e0 a racconti di alternanza realizzati nell\u2019ambito di&nbsp;PCTO, di alternanza rafforzata, di tirocini curriculari e di percorsi di apprendistato (I e III livello)&nbsp;realizzati dagli studenti [&hellip;]<\/p>\n","protected":false},"author":1,"featured_media":0,"parent":0,"menu_order":0,"comment_status":"closed","ping_status":"closed","template":"","meta":{"footnotes":""},"class_list":["post-627","page","type-page","status-publish","hentry"],"_links":{"self":[{"href":"https:\/\/certermoli.org\/index.php?rest_route=\/wp\/v2\/pages\/627","targetHints":{"allow":["GET"]}}],"collection":[{"href":"https:\/\/certermoli.org\/index.php?rest_route=\/wp\/v2\/pages"}],"about":[{"href":"https:\/\/certermoli.org\/index.php?rest_route=\/wp\/v2\/types\/page"}],"author":[{"embeddable":true,"href":"https:\/\/certermoli.org\/index.php?rest_route=\/wp\/v2\/users\/1"}],"replies":[{"embeddable":true,"href":"https:\/\/certermoli.org\/index.php?rest_route=%2Fwp%2Fv2%2Fcomments&post=627"}],"version-history":[{"count":5,"href":"https:\/\/certermoli.org\/index.php?rest_route=\/wp\/v2\/pages\/627\/revisions"}],"predecessor-version":[{"id":1403,"href":"https:\/\/certermoli.org\/index.php?rest_route=\/wp\/v2\/pages\/627\/revisions\/1403"}],"wp:attachment":[{"href":"https:\/\/certermoli.org\/index.php?rest_route=%2Fwp%2Fv2%2Fmedia&parent=627"}],"curies":[{"name":"wp","href":"https:\/\/api.w.org\/{rel}","templated":true}]}}