{"id":497,"date":"2023-11-28T21:28:56","date_gmt":"2023-11-28T21:28:56","guid":{"rendered":"https:\/\/certermoli.org\/?page_id=497"},"modified":"2024-02-26T18:54:02","modified_gmt":"2024-02-26T18:54:02","slug":"educazione-e-formazione","status":"publish","type":"page","link":"https:\/\/certermoli.org\/?page_id=497","title":{"rendered":"Educazione e formazione"},"content":{"rendered":"\n<h2 class=\"wp-block-heading has-text-color\" style=\"color:#248721;font-size:16px\"><strong>21 aprile 2022<\/strong>&nbsp;\u2013 presentazione del progetto presso l\u2019auditorium della nostra scuola alla presenza del Sindaco e degli esperti ENEA \u2013 intervento del&nbsp;<strong>prof. ing. Paolo MARINUCCI<\/strong><\/h2>\n\n\n\n<div class=\"wp-block-media-text alignwide is-stacked-on-mobile\"><figure class=\"wp-block-media-text__media\"><img loading=\"lazy\" decoding=\"async\" width=\"722\" height=\"1024\" src=\"https:\/\/certermoli.org\/wp-content\/uploads\/2023\/11\/ijgWiAWRDWbBEWUeAZN5IqXiQd7SOHcRE-qxs2lEVncJgkeUAvWERswasY4vqHSZTgERMnvcD9C5pvWmWyMf4OF7QyFN9gGsdRHOw0Wqa0qn50V8k04VgkxrTHcYscIVhAw1280-722x1024.jpeg\" alt=\"\" class=\"wp-image-502 size-full\" srcset=\"https:\/\/certermoli.org\/wp-content\/uploads\/2023\/11\/ijgWiAWRDWbBEWUeAZN5IqXiQd7SOHcRE-qxs2lEVncJgkeUAvWERswasY4vqHSZTgERMnvcD9C5pvWmWyMf4OF7QyFN9gGsdRHOw0Wqa0qn50V8k04VgkxrTHcYscIVhAw1280-722x1024.jpeg 722w, https:\/\/certermoli.org\/wp-content\/uploads\/2023\/11\/ijgWiAWRDWbBEWUeAZN5IqXiQd7SOHcRE-qxs2lEVncJgkeUAvWERswasY4vqHSZTgERMnvcD9C5pvWmWyMf4OF7QyFN9gGsdRHOw0Wqa0qn50V8k04VgkxrTHcYscIVhAw1280-212x300.jpeg 212w, https:\/\/certermoli.org\/wp-content\/uploads\/2023\/11\/ijgWiAWRDWbBEWUeAZN5IqXiQd7SOHcRE-qxs2lEVncJgkeUAvWERswasY4vqHSZTgERMnvcD9C5pvWmWyMf4OF7QyFN9gGsdRHOw0Wqa0qn50V8k04VgkxrTHcYscIVhAw1280-768x1089.jpeg 768w, https:\/\/certermoli.org\/wp-content\/uploads\/2023\/11\/ijgWiAWRDWbBEWUeAZN5IqXiQd7SOHcRE-qxs2lEVncJgkeUAvWERswasY4vqHSZTgERMnvcD9C5pvWmWyMf4OF7QyFN9gGsdRHOw0Wqa0qn50V8k04VgkxrTHcYscIVhAw1280.jpeg 1083w\" sizes=\"auto, (max-width: 722px) 100vw, 722px\" \/><\/figure><div class=\"wp-block-media-text__content\">\n<div style=\"height:20px\" aria-hidden=\"true\" class=\"wp-block-spacer\"><\/div>\n\n\n\n<p style=\"font-size:16px\">Il ruolo della scuola nelle comunit\u00e0 energetiche ha una duplice valenza:&nbsp;<strong>educativa e formativa<\/strong>. Educativa perch\u00e9 la scuola si impegna, attraverso la promozione del risparmio energetico e della sobriet\u00e0 dei consumi, a formare i giovani come cittadini pienamente consapevoli del loro ruolo e artefici di un cambiamento possibile. Formativa perch\u00e9, nell\u2019ambito degli studi gi\u00e0 intrapresi, la scuola si impegna a fornire agli studenti gli strumenti tecnici per realizzare il cambiamento di cui sopra.&nbsp;<strong>La dimensione dell\u2019impegno sociale e civile e la promozione della tecnica trovano nella realizzazione delle comunit\u00e0 energetiche un luogo importante nel quale maturare e grazie al quale contribuire alla formazione umana dei giovani<\/strong>.<\/p>\n\n\n\n<div style=\"height:20px\" aria-hidden=\"true\" class=\"wp-block-spacer\"><\/div>\n\n\n\n<p style=\"font-size:16px\">La scuola, inoltre, grazie alle comunit\u00e0 energetiche trova un canale privilegiato per aprirsi al territorio e mettersi a servizio della citt\u00e0 rispondendo a quella che \u00e8 la sua vocazione, talvolta trascurata, di&nbsp;<strong>essere ponte tra le istituzioni<\/strong>&nbsp;e di avvicinare ad esse gli studenti, spesso portati a considerarle qualcosa di distante da s\u00e9 e privo di interesse.<\/p>\n\n\n\n<div style=\"height:20px\" aria-hidden=\"true\" class=\"wp-block-spacer\"><\/div>\n\n\n\n<p style=\"font-size:16px\">La partecipazione a questo progetto dell\u2019ENEA, massimo ente di ricerca nazionale ed internazionale in materia di sostenibilit\u00e0 ambientale e ed energetica, \u00e8 conferma della valenza dell\u2019iniziativa ed \u00e8 stimolo per la scuola a trovare sempre nuove strade per offrire agli studenti il meglio per la loro formazione e per la vita.<\/p>\n\n\n\n<div style=\"height:20px\" aria-hidden=\"true\" class=\"wp-block-spacer\"><\/div>\n\n\n\n<p style=\"font-size:16px\">Il nostro istituto quindi assolver\u00e0 alla qualifica di promotore e di partner tecnico. L\u2019<strong>obiettivo<\/strong>, implementato con il lavoro di ricerca e studio che verr\u00e0 realizzato con gli studenti,&nbsp;<strong>\u00e8 quello di dare forma ad una \u201ccomunit\u00e0 energetica<\/strong>\u201d&nbsp;nel comune di Termoli. Il lavoro partir\u00e0 dalle diagnosi energetiche dei possibili consumatori. Poi si passer\u00e0 ad uno studio di costi\/benefici per capire investimenti e ritorni in modo da valutare la sostenibilit\u00e0 economica del progetto. Infine si passer\u00e0 alla costituzione della comunit\u00e0 mediante l\u2019approvazione degli strumenti di governance e soprattutto la ricerca dei fondi per sostenere l\u2019investimento. Il nostro istituto si \u00e8 inoltre reso disponibile verso il comune di Termoli per creare degli strumenti di monitoraggio dei vari impianti di produzione da fonti rinnovabile che lo stesso impianter\u00e0 sul territorio comunale in modo da verificare puntualmente il loro funzionamento. Una modalit\u00e0 operativa e concreta per mettere in pratica quelle attivit\u00e0 didattiche che rientrano nel progetto di \u201cBuilding Automation\u201d.<\/p>\n\n\n\n<div style=\"height:20px\" aria-hidden=\"true\" class=\"wp-block-spacer\"><\/div>\n\n\n\n<p style=\"font-size:16px\">Colgo l\u2019occasione per ringraziare la dirigente prof.ssa Chimisso per non aver avuto esitazioni nel promuovere questo progetto, l\u2019Enea per aver accettato di partecipare e di metterci a disposizione il suo bagaglio tecnico e formativo, il Comune di Termoli \u2013 per tramite del Sindaco \u2013 per la disponibilit\u00e0 e l\u2019interesse. Dulcis in fundo, gli studenti che hanno accolto con piacere questa proposta e si sono lasciati guidare in un \u201cmondo\u201d ancora poco conosciuto, ma ricco di potenzialit\u00e0.<\/p>\n<\/div><\/div>\n\n\n\n<div style=\"height:100px\" aria-hidden=\"true\" class=\"wp-block-spacer\"><\/div>\n","protected":false},"excerpt":{"rendered":"<p>21 aprile 2022&nbsp;\u2013 presentazione del progetto presso l\u2019auditorium della nostra scuola alla presenza del Sindaco e degli esperti ENEA \u2013 intervento del&nbsp;prof. ing. Paolo MARINUCCI<\/p>\n","protected":false},"author":1,"featured_media":0,"parent":0,"menu_order":0,"comment_status":"closed","ping_status":"closed","template":"","meta":{"footnotes":""},"class_list":["post-497","page","type-page","status-publish","hentry"],"_links":{"self":[{"href":"https:\/\/certermoli.org\/index.php?rest_route=\/wp\/v2\/pages\/497","targetHints":{"allow":["GET"]}}],"collection":[{"href":"https:\/\/certermoli.org\/index.php?rest_route=\/wp\/v2\/pages"}],"about":[{"href":"https:\/\/certermoli.org\/index.php?rest_route=\/wp\/v2\/types\/page"}],"author":[{"embeddable":true,"href":"https:\/\/certermoli.org\/index.php?rest_route=\/wp\/v2\/users\/1"}],"replies":[{"embeddable":true,"href":"https:\/\/certermoli.org\/index.php?rest_route=%2Fwp%2Fv2%2Fcomments&post=497"}],"version-history":[{"count":12,"href":"https:\/\/certermoli.org\/index.php?rest_route=\/wp\/v2\/pages\/497\/revisions"}],"predecessor-version":[{"id":1370,"href":"https:\/\/certermoli.org\/index.php?rest_route=\/wp\/v2\/pages\/497\/revisions\/1370"}],"wp:attachment":[{"href":"https:\/\/certermoli.org\/index.php?rest_route=%2Fwp%2Fv2%2Fmedia&parent=497"}],"curies":[{"name":"wp","href":"https:\/\/api.w.org\/{rel}","templated":true}]}}

<h2 class="wp-block-heading has-text-color" style="color:#248721;font-size:16px"><strong>21 aprile 2022</strong>&nbsp;– presentazione del progetto presso l’auditorium della nostra scuola alla presenza del Sindaco e degli esperti ENEA – intervento del&nbsp;<strong>prof. ing. Paolo MARINUCCI</strong></h2>



<div class="wp-block-media-text alignwide is-stacked-on-mobile"><figure class="wp-block-media-text__media"><img loading="lazy" decoding="async" width="722" height="1024" src="https://certermoli.org/wp-content/uploads/2023/11/ijgWiAWRDWbBEWUeAZN5IqXiQd7SOHcRE-qxs2lEVncJgkeUAvWERswasY4vqHSZTgERMnvcD9C5pvWmWyMf4OF7QyFN9gGsdRHOw0Wqa0qn50V8k04VgkxrTHcYscIVhAw1280-722x1024.jpeg" alt="" class="wp-image-502 size-full" srcset="https://certermoli.org/wp-content/uploads/2023/11/ijgWiAWRDWbBEWUeAZN5IqXiQd7SOHcRE-qxs2lEVncJgkeUAvWERswasY4vqHSZTgERMnvcD9C5pvWmWyMf4OF7QyFN9gGsdRHOw0Wqa0qn50V8k04VgkxrTHcYscIVhAw1280-722x1024.jpeg 722w, https://certermoli.org/wp-content/uploads/2023/11/ijgWiAWRDWbBEWUeAZN5IqXiQd7SOHcRE-qxs2lEVncJgkeUAvWERswasY4vqHSZTgERMnvcD9C5pvWmWyMf4OF7QyFN9gGsdRHOw0Wqa0qn50V8k04VgkxrTHcYscIVhAw1280-212x300.jpeg 212w, https://certermoli.org/wp-content/uploads/2023/11/ijgWiAWRDWbBEWUeAZN5IqXiQd7SOHcRE-qxs2lEVncJgkeUAvWERswasY4vqHSZTgERMnvcD9C5pvWmWyMf4OF7QyFN9gGsdRHOw0Wqa0qn50V8k04VgkxrTHcYscIVhAw1280-768x1089.jpeg 768w, https://certermoli.org/wp-content/uploads/2023/11/ijgWiAWRDWbBEWUeAZN5IqXiQd7SOHcRE-qxs2lEVncJgkeUAvWERswasY4vqHSZTgERMnvcD9C5pvWmWyMf4OF7QyFN9gGsdRHOw0Wqa0qn50V8k04VgkxrTHcYscIVhAw1280.jpeg 1083w" sizes="auto, (max-width: 722px) 100vw, 722px" /></figure><div class="wp-block-media-text__content">
<div style="height:20px" aria-hidden="true" class="wp-block-spacer"></div>



<p style="font-size:16px">Il ruolo della scuola nelle comunità energetiche ha una duplice valenza:&nbsp;<strong>educativa e formativa</strong>. Educativa perché la scuola si impegna, attraverso la promozione del risparmio energetico e della sobrietà dei consumi, a formare i giovani come cittadini pienamente consapevoli del loro ruolo e artefici di un cambiamento possibile. Formativa perché, nell’ambito degli studi già intrapresi, la scuola si impegna a fornire agli studenti gli strumenti tecnici per realizzare il cambiamento di cui sopra.&nbsp;<strong>La dimensione dell’impegno sociale e civile e la promozione della tecnica trovano nella realizzazione delle comunità energetiche un luogo importante nel quale maturare e grazie al quale contribuire alla formazione umana dei giovani</strong>.</p>



<div style="height:20px" aria-hidden="true" class="wp-block-spacer"></div>



<p style="font-size:16px">La scuola, inoltre, grazie alle comunità energetiche trova un canale privilegiato per aprirsi al territorio e mettersi a servizio della città rispondendo a quella che è la sua vocazione, talvolta trascurata, di&nbsp;<strong>essere ponte tra le istituzioni</strong>&nbsp;e di avvicinare ad esse gli studenti, spesso portati a considerarle qualcosa di distante da sé e privo di interesse.</p>



<div style="height:20px" aria-hidden="true" class="wp-block-spacer"></div>



<p style="font-size:16px">La partecipazione a questo progetto dell’ENEA, massimo ente di ricerca nazionale ed internazionale in materia di sostenibilità ambientale e ed energetica, è conferma della valenza dell’iniziativa ed è stimolo per la scuola a trovare sempre nuove strade per offrire agli studenti il meglio per la loro formazione e per la vita.</p>



<div style="height:20px" aria-hidden="true" class="wp-block-spacer"></div>



<p style="font-size:16px">Il nostro istituto quindi assolverà alla qualifica di promotore e di partner tecnico. L’<strong>obiettivo</strong>, implementato con il lavoro di ricerca e studio che verrà realizzato con gli studenti,&nbsp;<strong>è quello di dare forma ad una “comunità energetica</strong>”&nbsp;nel comune di Termoli. Il lavoro partirà dalle diagnosi energetiche dei possibili consumatori. Poi si passerà ad uno studio di costi/benefici per capire investimenti e ritorni in modo da valutare la sostenibilità economica del progetto. Infine si passerà alla costituzione della comunità mediante l’approvazione degli strumenti di governance e soprattutto la ricerca dei fondi per sostenere l’investimento. Il nostro istituto si è inoltre reso disponibile verso il comune di Termoli per creare degli strumenti di monitoraggio dei vari impianti di produzione da fonti rinnovabile che lo stesso impianterà sul territorio comunale in modo da verificare puntualmente il loro funzionamento. Una modalità operativa e concreta per mettere in pratica quelle attività didattiche che rientrano nel progetto di “Building Automation”.</p>



<div style="height:20px" aria-hidden="true" class="wp-block-spacer"></div>



<p style="font-size:16px">Colgo l’occasione per ringraziare la dirigente prof.ssa Chimisso per non aver avuto esitazioni nel promuovere questo progetto, l’Enea per aver accettato di partecipare e di metterci a disposizione il suo bagaglio tecnico e formativo, il Comune di Termoli – per tramite del Sindaco – per la disponibilità e l’interesse. Dulcis in fundo, gli studenti che hanno accolto con piacere questa proposta e si sono lasciati guidare in un “mondo” ancora poco conosciuto, ma ricco di potenzialità.</p>
</div></div>



<div style="height:100px" aria-hidden="true" class="wp-block-spacer"></div>
