{"id":44,"date":"2023-11-26T21:51:00","date_gmt":"2023-11-26T21:51:00","guid":{"rendered":"https:\/\/certermoli.org\/?page_id=44"},"modified":"2024-02-26T18:28:57","modified_gmt":"2024-02-26T18:28:57","slug":"il-progetto","status":"publish","type":"page","link":"https:\/\/certermoli.org\/?page_id=44","title":{"rendered":"Il progetto"},"content":{"rendered":"<div class=\"wp-block-image\">\n<figure class=\"aligncenter size-large is-resized\"><img loading=\"lazy\" decoding=\"async\" width=\"1024\" height=\"376\" src=\"https:\/\/certermoli.org\/wp-content\/uploads\/2023\/11\/niS8OYqLICdVxLuXT36jVBNvcNq9IQE8fPgRbKsn3l-WZNn_yrA_0OylPCBLhZk5viCN_0xMUZn02xpiJcHSCGr4H7hRTsjv3Yty_Eyh5KgH_BMcX3CgJT2OPLNtOGQiFww1280-1024x376.jpeg\" alt=\"\" class=\"wp-image-161\" style=\"width:962px;height:auto\" srcset=\"https:\/\/certermoli.org\/wp-content\/uploads\/2023\/11\/niS8OYqLICdVxLuXT36jVBNvcNq9IQE8fPgRbKsn3l-WZNn_yrA_0OylPCBLhZk5viCN_0xMUZn02xpiJcHSCGr4H7hRTsjv3Yty_Eyh5KgH_BMcX3CgJT2OPLNtOGQiFww1280-1024x376.jpeg 1024w, https:\/\/certermoli.org\/wp-content\/uploads\/2023\/11\/niS8OYqLICdVxLuXT36jVBNvcNq9IQE8fPgRbKsn3l-WZNn_yrA_0OylPCBLhZk5viCN_0xMUZn02xpiJcHSCGr4H7hRTsjv3Yty_Eyh5KgH_BMcX3CgJT2OPLNtOGQiFww1280-300x110.jpeg 300w, https:\/\/certermoli.org\/wp-content\/uploads\/2023\/11\/niS8OYqLICdVxLuXT36jVBNvcNq9IQE8fPgRbKsn3l-WZNn_yrA_0OylPCBLhZk5viCN_0xMUZn02xpiJcHSCGr4H7hRTsjv3Yty_Eyh5KgH_BMcX3CgJT2OPLNtOGQiFww1280-768x282.jpeg 768w, https:\/\/certermoli.org\/wp-content\/uploads\/2023\/11\/niS8OYqLICdVxLuXT36jVBNvcNq9IQE8fPgRbKsn3l-WZNn_yrA_0OylPCBLhZk5viCN_0xMUZn02xpiJcHSCGr4H7hRTsjv3Yty_Eyh5KgH_BMcX3CgJT2OPLNtOGQiFww1280.jpeg 1200w\" sizes=\"auto, (max-width: 1024px) 100vw, 1024px\" \/><\/figure>\n<\/div>\n\n\n<p class=\"has-text-align-center has-text-color has-link-color has-large-font-size\" style=\"color:#248721\"><strong>&#8220;CER Termoli &#8211; comunit\u00e0 energetiche&#8221;<\/strong><\/p>\n\n\n\n<div style=\"height:20px\" aria-hidden=\"true\" class=\"wp-block-spacer\"><\/div>\n\n\n\n<p style=\"font-size:16px\">La crisi che stiamo vivendo chiede con urgenza una transizione energetica per costruire un nuovo modello di&nbsp;<strong>organizzazione sociale basato sulla produzione e sul consumo di energia proveniente da fonti rinnovabili<\/strong>&nbsp;che ispiri un modo di abitare pi\u00f9 sostenibile. Si tratta da un lato di porre attenzione alla massima efficienza energetica e alla riduzione dei fabbisogni energetici durante la costruzione o la ristrutturazione di un edificio, dall\u2019altro di perseguire la condivisione delle risorse disponibili al fine di ridurre il proprio impatto ecologico aumentando la convivenza sociale.<\/p>\n\n\n\n<div style=\"height:20px\" aria-hidden=\"true\" class=\"wp-block-spacer\"><\/div>\n\n\n\n<p style=\"font-size:16px\">All\u2019interno di quest\u2019ultimo percorso entrano a pieno titolo le&nbsp;<strong>comunit\u00e0 energetiche<\/strong>. I princ\u00ecpi su cui si fonda una comunit\u00e0 energetica sono il decentramento e la localizzazione della produzione energetica. Attraverso il coinvolgimento di cittadini, attivit\u00e0 commerciali, imprese e altre realt\u00e0 del territorio \u00e8 possibile produrre, consumare e scambiare energia in un\u2019ottica di autoconsumo e collaborazione.            <\/p>\n\n\n\n<p style=\"font-size:16px\">Ogni comunit\u00e0 ha le proprie caratteristiche specifiche, ma tutte sono accomunate da uno stesso obiettivo:&nbsp;<strong>autoprodurre e condividere energia rinnovabile<\/strong>.<\/p>\n\n\n\n<div style=\"height:20px\" aria-hidden=\"true\" class=\"wp-block-spacer\"><\/div>\n\n\n\n<p style=\"font-size:16px\">Di comunit\u00e0 energetiche se ne parla nel progetto promosso dall\u2019Istituto Tecnico di Istruzione Secondaria Superiore \u201cE. Majorana\u201d. Considerare gli istituti tecnici come \u201cscuole dell\u2019innovazione\u201d significa intendere questi istituti come un laboratorio di costruzione del futuro, capace di trasmettere ai giovani la curiosit\u00e0, il fascino dell\u2019immaginazione e il gusto della ricerca, del costruire insieme dei prodotti, di proiettare nel futuro il proprio impegno professionale per una piena realizzazione su piano culturale, umano e sociale. In un mondo sempre pi\u00f9 complesso e in continua trasformazione, l\u2019immaginazione \u00e8 il valore aggiunto per quanti vogliono creare qualcosa di nuovo, di proprio, di distintivo; qualcosa che dia significato alla propria storia, alle proprie scelte, ad un progetto di una societ\u00e0 pi\u00f9 giusta e solidale. Pertanto, il nostro Istituto \u00e8 impegnato nella formazione degli studenti sia per creare delle opportunit\u00e0 concrete verso la \u201c<strong>transizione ecologica<\/strong>\u201d sia per assumere il&nbsp;<strong>ruolo trainante<\/strong>&nbsp;e&nbsp;<strong>di raccordo<\/strong>&nbsp;tra il Comune di Termoli, l\u2019ENEA (Agenzia nazionale per le nuove tecnologie, l\u2019energia e lo sviluppo economico sostenibile) e la cittadinanza tutta affinch\u00e9 anche il nostro territorio veda la nascita di una (o pi\u00f9) comunit\u00e0 energetiche. L\u2019istituto \u201cE. Majorana\u201d assolver\u00e0 alla qualifica di promotore e di partner tecnico del progetto e, tramite il lavoro di ricerca e studio che verr\u00e0 implementato con gli studenti, si dar\u00e0 forma ad una prima \u201c<strong>comunit\u00e0 energetica<\/strong>\u201d nel comune di Termoli.<\/p>\n\n\n\n<div style=\"height:20px\" aria-hidden=\"true\" class=\"wp-block-spacer\"><\/div>\n\n\n\n<p>Oltre i vantaggi ambientali derivanti dalla produzione da fonti rinnovabili ci saranno risvolti per la comunit\u00e0 dati dalla possibilit\u00e0 di fornire energia elettrica in condivisione, assolvendo ad un grande progetto di solidariet\u00e0 sociale.<\/p>\n\n\n\n<div style=\"height:100px\" aria-hidden=\"true\" class=\"wp-block-spacer\"><\/div>\n\n\n<a href=\"https:\/\/certermoli.org\/wp-content\/uploads\/2023\/11\/Guida_Comunita-energetiche.pdf\" class=\"pdfemb-viewer\" style=\"\" data-width=\"max\" data-height=\"max\" data-toolbar=\"bottom\" data-toolbar-fixed=\"off\">Guida_Comunita-energetiche<\/a>\n<p class=\"wp-block-pdfemb-pdf-embedder-viewer\"><\/p>\n\n\n\n<div class=\"wp-block-file\"><a href=\"https:\/\/certermoli.org\/wp-content\/uploads\/2023\/11\/Guida_Comunita-energetiche.pdf\" class=\"wp-block-file__button wp-element-button\" download>Download<\/a><\/div>\n\n\n\n<div style=\"height:100px\" aria-hidden=\"true\" class=\"wp-block-spacer\"><\/div>\n","protected":false},"excerpt":{"rendered":"<p>&#8220;CER Termoli &#8211; comunit\u00e0 energetiche&#8221; La crisi che stiamo vivendo chiede con urgenza una transizione energetica per costruire un nuovo modello di&nbsp;organizzazione sociale basato sulla produzione e sul consumo di energia proveniente da fonti rinnovabili&nbsp;che ispiri un modo di abitare pi\u00f9 sostenibile. Si tratta da un lato di porre attenzione alla massima efficienza energetica e [&hellip;]<\/p>\n","protected":false},"author":1,"featured_media":0,"parent":0,"menu_order":0,"comment_status":"closed","ping_status":"closed","template":"","meta":{"footnotes":""},"class_list":["post-44","page","type-page","status-publish","hentry"],"_links":{"self":[{"href":"https:\/\/certermoli.org\/index.php?rest_route=\/wp\/v2\/pages\/44","targetHints":{"allow":["GET"]}}],"collection":[{"href":"https:\/\/certermoli.org\/index.php?rest_route=\/wp\/v2\/pages"}],"about":[{"href":"https:\/\/certermoli.org\/index.php?rest_route=\/wp\/v2\/types\/page"}],"author":[{"embeddable":true,"href":"https:\/\/certermoli.org\/index.php?rest_route=\/wp\/v2\/users\/1"}],"replies":[{"embeddable":true,"href":"https:\/\/certermoli.org\/index.php?rest_route=%2Fwp%2Fv2%2Fcomments&post=44"}],"version-history":[{"count":25,"href":"https:\/\/certermoli.org\/index.php?rest_route=\/wp\/v2\/pages\/44\/revisions"}],"predecessor-version":[{"id":1360,"href":"https:\/\/certermoli.org\/index.php?rest_route=\/wp\/v2\/pages\/44\/revisions\/1360"}],"wp:attachment":[{"href":"https:\/\/certermoli.org\/index.php?rest_route=%2Fwp%2Fv2%2Fmedia&parent=44"}],"curies":[{"name":"wp","href":"https:\/\/api.w.org\/{rel}","templated":true}]}}

<div class="wp-block-image">
<figure class="aligncenter size-large is-resized"><img loading="lazy" decoding="async" width="1024" height="376" src="https://certermoli.org/wp-content/uploads/2023/11/niS8OYqLICdVxLuXT36jVBNvcNq9IQE8fPgRbKsn3l-WZNn_yrA_0OylPCBLhZk5viCN_0xMUZn02xpiJcHSCGr4H7hRTsjv3Yty_Eyh5KgH_BMcX3CgJT2OPLNtOGQiFww1280-1024x376.jpeg" alt="" class="wp-image-161" style="width:962px;height:auto" srcset="https://certermoli.org/wp-content/uploads/2023/11/niS8OYqLICdVxLuXT36jVBNvcNq9IQE8fPgRbKsn3l-WZNn_yrA_0OylPCBLhZk5viCN_0xMUZn02xpiJcHSCGr4H7hRTsjv3Yty_Eyh5KgH_BMcX3CgJT2OPLNtOGQiFww1280-1024x376.jpeg 1024w, https://certermoli.org/wp-content/uploads/2023/11/niS8OYqLICdVxLuXT36jVBNvcNq9IQE8fPgRbKsn3l-WZNn_yrA_0OylPCBLhZk5viCN_0xMUZn02xpiJcHSCGr4H7hRTsjv3Yty_Eyh5KgH_BMcX3CgJT2OPLNtOGQiFww1280-300x110.jpeg 300w, https://certermoli.org/wp-content/uploads/2023/11/niS8OYqLICdVxLuXT36jVBNvcNq9IQE8fPgRbKsn3l-WZNn_yrA_0OylPCBLhZk5viCN_0xMUZn02xpiJcHSCGr4H7hRTsjv3Yty_Eyh5KgH_BMcX3CgJT2OPLNtOGQiFww1280-768x282.jpeg 768w, https://certermoli.org/wp-content/uploads/2023/11/niS8OYqLICdVxLuXT36jVBNvcNq9IQE8fPgRbKsn3l-WZNn_yrA_0OylPCBLhZk5viCN_0xMUZn02xpiJcHSCGr4H7hRTsjv3Yty_Eyh5KgH_BMcX3CgJT2OPLNtOGQiFww1280.jpeg 1200w" sizes="auto, (max-width: 1024px) 100vw, 1024px" /></figure>
</div>


<p class="has-text-align-center has-text-color has-link-color has-large-font-size" style="color:#248721"><strong>&#8220;CER Termoli &#8211; comunità energetiche&#8221;</strong></p>



<div style="height:20px" aria-hidden="true" class="wp-block-spacer"></div>



<p style="font-size:16px">La crisi che stiamo vivendo chiede con urgenza una transizione energetica per costruire un nuovo modello di&nbsp;<strong>organizzazione sociale basato sulla produzione e sul consumo di energia proveniente da fonti rinnovabili</strong>&nbsp;che ispiri un modo di abitare più sostenibile. Si tratta da un lato di porre attenzione alla massima efficienza energetica e alla riduzione dei fabbisogni energetici durante la costruzione o la ristrutturazione di un edificio, dall’altro di perseguire la condivisione delle risorse disponibili al fine di ridurre il proprio impatto ecologico aumentando la convivenza sociale.</p>



<div style="height:20px" aria-hidden="true" class="wp-block-spacer"></div>



<p style="font-size:16px">All’interno di quest’ultimo percorso entrano a pieno titolo le&nbsp;<strong>comunità energetiche</strong>. I princìpi su cui si fonda una comunità energetica sono il decentramento e la localizzazione della produzione energetica. Attraverso il coinvolgimento di cittadini, attività commerciali, imprese e altre realtà del territorio è possibile produrre, consumare e scambiare energia in un’ottica di autoconsumo e collaborazione.            </p>



<p style="font-size:16px">Ogni comunità ha le proprie caratteristiche specifiche, ma tutte sono accomunate da uno stesso obiettivo:&nbsp;<strong>autoprodurre e condividere energia rinnovabile</strong>.</p>



<div style="height:20px" aria-hidden="true" class="wp-block-spacer"></div>



<p style="font-size:16px">Di comunità energetiche se ne parla nel progetto promosso dall’Istituto Tecnico di Istruzione Secondaria Superiore “E. Majorana”. Considerare gli istituti tecnici come “scuole dell’innovazione” significa intendere questi istituti come un laboratorio di costruzione del futuro, capace di trasmettere ai giovani la curiosità, il fascino dell’immaginazione e il gusto della ricerca, del costruire insieme dei prodotti, di proiettare nel futuro il proprio impegno professionale per una piena realizzazione su piano culturale, umano e sociale. In un mondo sempre più complesso e in continua trasformazione, l’immaginazione è il valore aggiunto per quanti vogliono creare qualcosa di nuovo, di proprio, di distintivo; qualcosa che dia significato alla propria storia, alle proprie scelte, ad un progetto di una società più giusta e solidale. Pertanto, il nostro Istituto è impegnato nella formazione degli studenti sia per creare delle opportunità concrete verso la “<strong>transizione ecologica</strong>” sia per assumere il&nbsp;<strong>ruolo trainante</strong>&nbsp;e&nbsp;<strong>di raccordo</strong>&nbsp;tra il Comune di Termoli, l’ENEA (Agenzia nazionale per le nuove tecnologie, l’energia e lo sviluppo economico sostenibile) e la cittadinanza tutta affinché anche il nostro territorio veda la nascita di una (o più) comunità energetiche. L’istituto “E. Majorana” assolverà alla qualifica di promotore e di partner tecnico del progetto e, tramite il lavoro di ricerca e studio che verrà implementato con gli studenti, si darà forma ad una prima “<strong>comunità energetica</strong>” nel comune di Termoli.</p>



<div style="height:20px" aria-hidden="true" class="wp-block-spacer"></div>



<p>Oltre i vantaggi ambientali derivanti dalla produzione da fonti rinnovabili ci saranno risvolti per la comunità dati dalla possibilità di fornire energia elettrica in condivisione, assolvendo ad un grande progetto di solidarietà sociale.</p>



<div style="height:100px" aria-hidden="true" class="wp-block-spacer"></div>


<a href="https://certermoli.org/wp-content/uploads/2023/11/Guida_Comunita-energetiche.pdf" class="pdfemb-viewer" style="" data-width="max" data-height="max" data-toolbar="bottom" data-toolbar-fixed="off">Guida_Comunita-energetiche</a>
<p class="wp-block-pdfemb-pdf-embedder-viewer"></p>



<div class="wp-block-file"><a href="https://certermoli.org/wp-content/uploads/2023/11/Guida_Comunita-energetiche.pdf" class="wp-block-file__button wp-element-button" download>Download</a></div>



<div style="height:100px" aria-hidden="true" class="wp-block-spacer"></div>

<p>&#8220;CER Termoli &#8211; comunità energetiche&#8221; La crisi che stiamo vivendo chiede con urgenza una transizione energetica per costruire un nuovo modello di&nbsp;organizzazione sociale basato sulla produzione e sul consumo di energia proveniente da fonti rinnovabili&nbsp;che ispiri un modo di abitare più sostenibile. Si tratta da un lato di porre attenzione alla massima efficienza energetica e [&hellip;]</p>
