{"id":43,"date":"2023-11-26T21:51:00","date_gmt":"2023-11-26T21:51:00","guid":{"rendered":"https:\/\/certermoli.org\/?page_id=43"},"modified":"2024-02-26T18:27:35","modified_gmt":"2024-02-26T18:27:35","slug":"iiss-e-majorana","status":"publish","type":"page","link":"https:\/\/certermoli.org\/?page_id=43","title":{"rendered":"IISS &#8220;E. Majorana&#8221;"},"content":{"rendered":"<div class=\"wp-block-image\">\n<figure class=\"aligncenter size-full\"><img loading=\"lazy\" decoding=\"async\" width=\"800\" height=\"309\" src=\"https:\/\/certermoli.org\/wp-content\/uploads\/2023\/11\/YkjiPbH7hKjsGLipAmjk8VtjKvOrUevUBC7r7W1gDk7p4-MAmBk1CKU7pkNHYtKZx3Yccmpmcz0VNxqaTUMwtiA9GLwunL5n1n3sYNr9FBNpShuoITVwZ0cfbZEQwu4YRgw1280.png\" alt=\"\" class=\"wp-image-128\" srcset=\"https:\/\/certermoli.org\/wp-content\/uploads\/2023\/11\/YkjiPbH7hKjsGLipAmjk8VtjKvOrUevUBC7r7W1gDk7p4-MAmBk1CKU7pkNHYtKZx3Yccmpmcz0VNxqaTUMwtiA9GLwunL5n1n3sYNr9FBNpShuoITVwZ0cfbZEQwu4YRgw1280.png 800w, https:\/\/certermoli.org\/wp-content\/uploads\/2023\/11\/YkjiPbH7hKjsGLipAmjk8VtjKvOrUevUBC7r7W1gDk7p4-MAmBk1CKU7pkNHYtKZx3Yccmpmcz0VNxqaTUMwtiA9GLwunL5n1n3sYNr9FBNpShuoITVwZ0cfbZEQwu4YRgw1280-300x116.png 300w, https:\/\/certermoli.org\/wp-content\/uploads\/2023\/11\/YkjiPbH7hKjsGLipAmjk8VtjKvOrUevUBC7r7W1gDk7p4-MAmBk1CKU7pkNHYtKZx3Yccmpmcz0VNxqaTUMwtiA9GLwunL5n1n3sYNr9FBNpShuoITVwZ0cfbZEQwu4YRgw1280-768x297.png 768w\" sizes=\"auto, (max-width: 800px) 100vw, 800px\" \/><\/figure>\n<\/div>\n\n\n<p class=\"has-text-align-center has-text-color has-link-color has-large-font-size\" style=\"color:#248721\"><strong>IISS &#8220;E. Majorana&#8221; &#8211; Termoli (CB<\/strong>)<\/p>\n\n\n\n<p style=\"font-size:16px\">Fin dal 1972, anno di fondazione, quale sede staccata dell\u2019I.T.I.S. Marconi di Campobasso, si \u00e8 distinto per la costante ricerca di innovazione che ha permesso la realizzazione di nuove sperimentazioni, espressione di autonomia nel gestire la complessit\u00e0 dei rapporti che caratterizzano il sistema dell\u2019istruzione e della formazione, in particolare la sperimentazione ERGON introdotta nel 1983, AMBRA nel 1986, SIRIO (corso serale adulti) nel 1990, LICEO SCIENTIFICO TECNOLOGICO nel 1996. <\/p>\n\n\n\n<div style=\"height:20px\" aria-hidden=\"true\" class=\"wp-block-spacer\"><\/div>\n\n\n\n<p style=\"font-size:16px\">Tale ricerca non \u00e8 frutto della volont\u00e0 di perseguire il \u201cnuovo\u201d ad ogni costo, ma nasce dalla consapevolezza che la scuola \u00e8 chiamata a rispondere al bisogno di formazione, valorizzando la ricchezza delle risorse umane, professionali, strumentali a disposizione, in un costruttivo rapporto con tutte le altre agenzie educative e formative esistenti sul territorio.<\/p>\n\n\n\n<div style=\"height:20px\" aria-hidden=\"true\" class=\"wp-block-spacer\"><\/div>\n\n\n\n<p style=\"font-size:16px\">Una scuola attenta a tutti, sempre con l\u2019obiettivo di favorire processi di trasformazione digitale e innovazione, in grado di valorizzare anche le eccellenze.<\/p>\n\n\n\n<div style=\"height:20px\" aria-hidden=\"true\" class=\"wp-block-spacer\"><\/div>\n\n\n\n<p style=\"font-size:16px\">Dall\u2019intervista al Dirigente Scolastico&nbsp;<strong>prof.ssa<\/strong>&nbsp;<strong>Maria Maddalena Chimisso<\/strong>&nbsp;emerge che: \u201c<strong>Il Majorana \u00e8 un Istituto di Istruzione Superiore con strutture e offerta formativa davvero stimolanti. L\u2019obiettivo che il Majorana persegue da anni \u00e8 quello di formare studenti che possano affrontare il futuro con basi culturali solide, competenze tecnologiche all\u2019avanguardia e con naturale propensione e versatilit\u00e0 al continuo aggiornamento tecnologico. I nostri studenti sono i protagonisti della metamorfosi digitale rappresentata da smartworking, cybersecurity, intelligenza artificiale, automazione e robotica, le loro conoscenze e cultura digitale saranno un catalizzatore di innovazione e il contributo che il nostro istituto pu\u00f2 offrire \u00e8 rappresentato dalla variet\u00e0 degli indirizzi. I risultati che continua a conseguire l\u2019IISS \u2018Ettore Majorana\u2019 sono sempre pi\u00f9 apprezzabili, quest\u2019anno siamo l\u2019istituto superiore con il maggior numero di alunni, oltre 800 ragazzi e ragazze che s\u2019interfacciano con la tecnologia, presente in ogni nostro gesto quotidiano<\/strong>.&#8221;<\/p>\n\n\n\n<div style=\"height:20px\" aria-hidden=\"true\" class=\"wp-block-spacer\"><\/div>\n\n\n\n<p style=\"font-size:16px\">Il Majorana \u00e8 una scuola che va vista, pi\u00f9 che raccontata, mettendo in luce i punti di forza quali: i laboratori, le attivit\u00e0 curriculari, le attivit\u00e0 pratiche, le attivit\u00e0 sportive, il palazzetto dello sport, i progetti digitali, il piano dell\u2019offerta formativa, i percorsi educativi e didattici finalizzati a mettere in connessione il mondo del lavoro e la formazione, puntando soprattutto sulle competenze digitali, e un team di docenti sempre attento alle esigenze dell\u2019utenza e dei continui cambiamenti sociali\u201d.<\/p>\n\n\n\n<div style=\"height:20px\" aria-hidden=\"true\" class=\"wp-block-spacer\"><\/div>\n\n\n\n<p style=\"font-size:16px\">Il Majorana ospita, nella stessa struttura di Via Palermo a Termoli, due scuole diverse con offerte formative estremamente ampie, con 4 indirizzi per il Tecnico e un indirizzo per il Liceo Scientifico.<\/p>\n\n\n\n<div style=\"height:20px\" aria-hidden=\"true\" class=\"wp-block-spacer\"><\/div>\n\n\n\n<p style=\"font-size:16px\">Nella stessa struttura troviamo quindi un ulteriore arricchimento all\u2019offerta formativa del Majorana: il Liceo Scientifico opzione Scienze Applicate che da oltre 20 anni coniuga la formazione umanistica tipica dei licei, con la letteratura italiana e straniera, filosofia e storia dell\u2019arte, la preparazione tecnico-scientifico e matematica con l\u2019informatica, disegno tecnico di progettazione, biologia, chimica, scienze della terra e fisica che aggiungono alla fondamentale base matematica propria del percorso di liceo scientifico, uno sguardo logico e critico sull\u2019attualit\u00e0. Il prezioso supporto di laboratori attrezzati e moderni, tipici di un istituto tecnologico, completa la preparazione dei nostri allievi e li proietta nel mondo dell\u2019Universit\u00e0 e delle professioni specialistiche.<\/p>\n\n\n\n<div style=\"height:20px\" aria-hidden=\"true\" class=\"wp-block-spacer\"><\/div>\n\n\n\n<p style=\"font-size:16px\">I 4 indirizzi dell\u2019Istituto Tecnico Tecnologico sono:&nbsp;<strong>Chimica, Materiali e Biotecnologie, Meccanica e Meccatronica, Elettronica e Automazione e Informatica e Telecomunicazioni<\/strong>.<\/p>\n\n\n\n<div style=\"height:20px\" aria-hidden=\"true\" class=\"wp-block-spacer\"><\/div>\n\n\n\n<p style=\"font-size:16px\">Una scuola che offre molto per l\u2019enorme equilibrio tra materie teoriche e materie pratiche, con la presenza di tantissimi laboratori.<\/p>\n\n\n\n<div style=\"height:20px\" aria-hidden=\"true\" class=\"wp-block-spacer\"><\/div>\n\n\n\n<p style=\"font-size:16px\"><strong>Chimica, Materiali e Biotecnologie<\/strong>&nbsp;\u00e8 l\u2019indirizzo con materie prettamente scientifiche attinenti alla ricerca, alla prevenzione di situazioni a rischio ambientale, alla gestione dei laboratori per analisi chimiche, microbiologiche e controllo qualit\u00e0, all\u2019ideazione di progetti e impianti chimici, alla sicurezza sugli ambienti di vita e di lavoro e, tanto altro.<\/p>\n\n\n\n<div style=\"height:20px\" aria-hidden=\"true\" class=\"wp-block-spacer\"><\/div>\n\n\n\n<p style=\"font-size:16px\"><strong>Meccanica e Meccatronica<\/strong>&nbsp;rappresenta l\u2019indirizzo storico ma oggi pi\u00f9 che mai in evoluzione, con lo studio della meccanica classica fino ad arrivare alla meccanica pi\u00f9 spinta cio\u00e8 la robotica, studiando e utilizzando sistemi automatizzati a controllo numerico, creando disegni meccanici con l\u2019utilizzo di programmi e sistemi informatici quali CAD e CAM.<\/p>\n\n\n\n<div style=\"height:20px\" aria-hidden=\"true\" class=\"wp-block-spacer\"><\/div>\n\n\n\n<p style=\"font-size:16px\"><strong>Informatica e Telecomunicazioni<\/strong>&nbsp;con lo studio della programmazione, analisi, progettazione, installazione e gestione di sistemi informatici, applicazioni e tecnologie web, database, sicurezza informatica e web 4.0.<\/p>\n\n\n\n<div style=\"height:20px\" aria-hidden=\"true\" class=\"wp-block-spacer\"><\/div>\n\n\n\n<p style=\"font-size:16px\"><strong>Elettronica e Automazione<\/strong>&nbsp;con lo studio dell\u2019intelligenza artificiale, il controllo di sistemi che migliorano la nostra vita, i sistemi produttivi e il nostro ambiente, produzione, collaudo e gestione di sistemi automatizzati e di telecomunicazioni.<\/p>\n\n\n\n<div style=\"height:20px\" aria-hidden=\"true\" class=\"wp-block-spacer\"><\/div>\n\n\n\n<p style=\"font-size:16px\">Gli studenti vivono in un ambiente che manifesta continuamente passione tecnologica senza tralasciare l\u2019attenzione allo studio di materie di base. Nel triennio le materie si ramificano in base all\u2019indirizzo di studi scelto, con materie tipicamente professionalizzanti e specifiche da un indirizzo a un altro.<\/p>\n\n\n\n<div style=\"height:20px\" aria-hidden=\"true\" class=\"wp-block-spacer\"><\/div>\n\n\n\n<p style=\"font-size:16px\">I nostri dati lo confermano, gli alunni sono molto preparati ad affrontare qualsiasi percorso universitario, un\u2019alta percentuale dei nostri studenti consegue il diploma senza bocciature, e i diplomati del Tecnico sono tra i primi a ottenere un\u2019occupazione quasi nell\u2019immediato.<\/p>\n\n\n\n<div style=\"height:20px\" aria-hidden=\"true\" class=\"wp-block-spacer\"><\/div>\n\n\n\n<p style=\"font-size:16px\">In tutto il quinquennio sono previste ore per gli sportelli di recupero per quasi tutte le materie, dedicati agli studenti con maggiori difficolt\u00e0 che possono cos\u00ec usufruire di lezioni mirate. Una scuola attenta a tutti, sempre con l\u2019obiettivo di favorire processi di trasformazione digitale e innovazione, in grado di valorizzare anche le eccellenze, offrendo la possibilit\u00e0 di partecipare a gare, olimpiadi nazionali, stage per i percorsi di alternanza scuola-lavoro con prestigiose aziende, certificazioni linguistiche e informatiche, corsi specializzati per il conseguimento di patentini tecnici.<\/p>\n\n\n\n<div style=\"height:100px\" aria-hidden=\"true\" class=\"wp-block-spacer\"><\/div>\n","protected":false},"excerpt":{"rendered":"<p>IISS &#8220;E. Majorana&#8221; &#8211; Termoli (CB) Fin dal 1972, anno di fondazione, quale sede staccata dell\u2019I.T.I.S. Marconi di Campobasso, si \u00e8 distinto per la costante ricerca di innovazione che ha permesso la realizzazione di nuove sperimentazioni, espressione di autonomia nel gestire la complessit\u00e0 dei rapporti che caratterizzano il sistema dell\u2019istruzione e della formazione, in particolare [&hellip;]<\/p>\n","protected":false},"author":1,"featured_media":0,"parent":0,"menu_order":0,"comment_status":"closed","ping_status":"closed","template":"","meta":{"footnotes":""},"class_list":["post-43","page","type-page","status-publish","hentry"],"_links":{"self":[{"href":"https:\/\/certermoli.org\/index.php?rest_route=\/wp\/v2\/pages\/43","targetHints":{"allow":["GET"]}}],"collection":[{"href":"https:\/\/certermoli.org\/index.php?rest_route=\/wp\/v2\/pages"}],"about":[{"href":"https:\/\/certermoli.org\/index.php?rest_route=\/wp\/v2\/types\/page"}],"author":[{"embeddable":true,"href":"https:\/\/certermoli.org\/index.php?rest_route=\/wp\/v2\/users\/1"}],"replies":[{"embeddable":true,"href":"https:\/\/certermoli.org\/index.php?rest_route=%2Fwp%2Fv2%2Fcomments&post=43"}],"version-history":[{"count":26,"href":"https:\/\/certermoli.org\/index.php?rest_route=\/wp\/v2\/pages\/43\/revisions"}],"predecessor-version":[{"id":1359,"href":"https:\/\/certermoli.org\/index.php?rest_route=\/wp\/v2\/pages\/43\/revisions\/1359"}],"wp:attachment":[{"href":"https:\/\/certermoli.org\/index.php?rest_route=%2Fwp%2Fv2%2Fmedia&parent=43"}],"curies":[{"name":"wp","href":"https:\/\/api.w.org\/{rel}","templated":true}]}}

<div class="wp-block-image">
<figure class="aligncenter size-full"><img loading="lazy" decoding="async" width="800" height="309" src="https://certermoli.org/wp-content/uploads/2023/11/YkjiPbH7hKjsGLipAmjk8VtjKvOrUevUBC7r7W1gDk7p4-MAmBk1CKU7pkNHYtKZx3Yccmpmcz0VNxqaTUMwtiA9GLwunL5n1n3sYNr9FBNpShuoITVwZ0cfbZEQwu4YRgw1280.png" alt="" class="wp-image-128" srcset="https://certermoli.org/wp-content/uploads/2023/11/YkjiPbH7hKjsGLipAmjk8VtjKvOrUevUBC7r7W1gDk7p4-MAmBk1CKU7pkNHYtKZx3Yccmpmcz0VNxqaTUMwtiA9GLwunL5n1n3sYNr9FBNpShuoITVwZ0cfbZEQwu4YRgw1280.png 800w, https://certermoli.org/wp-content/uploads/2023/11/YkjiPbH7hKjsGLipAmjk8VtjKvOrUevUBC7r7W1gDk7p4-MAmBk1CKU7pkNHYtKZx3Yccmpmcz0VNxqaTUMwtiA9GLwunL5n1n3sYNr9FBNpShuoITVwZ0cfbZEQwu4YRgw1280-300x116.png 300w, https://certermoli.org/wp-content/uploads/2023/11/YkjiPbH7hKjsGLipAmjk8VtjKvOrUevUBC7r7W1gDk7p4-MAmBk1CKU7pkNHYtKZx3Yccmpmcz0VNxqaTUMwtiA9GLwunL5n1n3sYNr9FBNpShuoITVwZ0cfbZEQwu4YRgw1280-768x297.png 768w" sizes="auto, (max-width: 800px) 100vw, 800px" /></figure>
</div>


<p class="has-text-align-center has-text-color has-link-color has-large-font-size" style="color:#248721"><strong>IISS &#8220;E. Majorana&#8221; &#8211; Termoli (CB</strong>)</p>



<p style="font-size:16px">Fin dal 1972, anno di fondazione, quale sede staccata dell’I.T.I.S. Marconi di Campobasso, si è distinto per la costante ricerca di innovazione che ha permesso la realizzazione di nuove sperimentazioni, espressione di autonomia nel gestire la complessità dei rapporti che caratterizzano il sistema dell’istruzione e della formazione, in particolare la sperimentazione ERGON introdotta nel 1983, AMBRA nel 1986, SIRIO (corso serale adulti) nel 1990, LICEO SCIENTIFICO TECNOLOGICO nel 1996. </p>



<div style="height:20px" aria-hidden="true" class="wp-block-spacer"></div>



<p style="font-size:16px">Tale ricerca non è frutto della volontà di perseguire il “nuovo” ad ogni costo, ma nasce dalla consapevolezza che la scuola è chiamata a rispondere al bisogno di formazione, valorizzando la ricchezza delle risorse umane, professionali, strumentali a disposizione, in un costruttivo rapporto con tutte le altre agenzie educative e formative esistenti sul territorio.</p>



<div style="height:20px" aria-hidden="true" class="wp-block-spacer"></div>



<p style="font-size:16px">Una scuola attenta a tutti, sempre con l’obiettivo di favorire processi di trasformazione digitale e innovazione, in grado di valorizzare anche le eccellenze.</p>



<div style="height:20px" aria-hidden="true" class="wp-block-spacer"></div>



<p style="font-size:16px">Dall’intervista al Dirigente Scolastico&nbsp;<strong>prof.ssa</strong>&nbsp;<strong>Maria Maddalena Chimisso</strong>&nbsp;emerge che: “<strong>Il Majorana è un Istituto di Istruzione Superiore con strutture e offerta formativa davvero stimolanti. L’obiettivo che il Majorana persegue da anni è quello di formare studenti che possano affrontare il futuro con basi culturali solide, competenze tecnologiche all’avanguardia e con naturale propensione e versatilità al continuo aggiornamento tecnologico. I nostri studenti sono i protagonisti della metamorfosi digitale rappresentata da smartworking, cybersecurity, intelligenza artificiale, automazione e robotica, le loro conoscenze e cultura digitale saranno un catalizzatore di innovazione e il contributo che il nostro istituto può offrire è rappresentato dalla varietà degli indirizzi. I risultati che continua a conseguire l’IISS ‘Ettore Majorana’ sono sempre più apprezzabili, quest’anno siamo l’istituto superiore con il maggior numero di alunni, oltre 800 ragazzi e ragazze che s’interfacciano con la tecnologia, presente in ogni nostro gesto quotidiano</strong>.&#8221;</p>



<div style="height:20px" aria-hidden="true" class="wp-block-spacer"></div>



<p style="font-size:16px">Il Majorana è una scuola che va vista, più che raccontata, mettendo in luce i punti di forza quali: i laboratori, le attività curriculari, le attività pratiche, le attività sportive, il palazzetto dello sport, i progetti digitali, il piano dell’offerta formativa, i percorsi educativi e didattici finalizzati a mettere in connessione il mondo del lavoro e la formazione, puntando soprattutto sulle competenze digitali, e un team di docenti sempre attento alle esigenze dell’utenza e dei continui cambiamenti sociali”.</p>



<div style="height:20px" aria-hidden="true" class="wp-block-spacer"></div>



<p style="font-size:16px">Il Majorana ospita, nella stessa struttura di Via Palermo a Termoli, due scuole diverse con offerte formative estremamente ampie, con 4 indirizzi per il Tecnico e un indirizzo per il Liceo Scientifico.</p>



<div style="height:20px" aria-hidden="true" class="wp-block-spacer"></div>



<p style="font-size:16px">Nella stessa struttura troviamo quindi un ulteriore arricchimento all’offerta formativa del Majorana: il Liceo Scientifico opzione Scienze Applicate che da oltre 20 anni coniuga la formazione umanistica tipica dei licei, con la letteratura italiana e straniera, filosofia e storia dell’arte, la preparazione tecnico-scientifico e matematica con l’informatica, disegno tecnico di progettazione, biologia, chimica, scienze della terra e fisica che aggiungono alla fondamentale base matematica propria del percorso di liceo scientifico, uno sguardo logico e critico sull’attualità. Il prezioso supporto di laboratori attrezzati e moderni, tipici di un istituto tecnologico, completa la preparazione dei nostri allievi e li proietta nel mondo dell’Università e delle professioni specialistiche.</p>



<div style="height:20px" aria-hidden="true" class="wp-block-spacer"></div>



<p style="font-size:16px">I 4 indirizzi dell’Istituto Tecnico Tecnologico sono:&nbsp;<strong>Chimica, Materiali e Biotecnologie, Meccanica e Meccatronica, Elettronica e Automazione e Informatica e Telecomunicazioni</strong>.</p>



<div style="height:20px" aria-hidden="true" class="wp-block-spacer"></div>



<p style="font-size:16px">Una scuola che offre molto per l’enorme equilibrio tra materie teoriche e materie pratiche, con la presenza di tantissimi laboratori.</p>



<div style="height:20px" aria-hidden="true" class="wp-block-spacer"></div>



<p style="font-size:16px"><strong>Chimica, Materiali e Biotecnologie</strong>&nbsp;è l’indirizzo con materie prettamente scientifiche attinenti alla ricerca, alla prevenzione di situazioni a rischio ambientale, alla gestione dei laboratori per analisi chimiche, microbiologiche e controllo qualità, all’ideazione di progetti e impianti chimici, alla sicurezza sugli ambienti di vita e di lavoro e, tanto altro.</p>



<div style="height:20px" aria-hidden="true" class="wp-block-spacer"></div>



<p style="font-size:16px"><strong>Meccanica e Meccatronica</strong>&nbsp;rappresenta l’indirizzo storico ma oggi più che mai in evoluzione, con lo studio della meccanica classica fino ad arrivare alla meccanica più spinta cioè la robotica, studiando e utilizzando sistemi automatizzati a controllo numerico, creando disegni meccanici con l’utilizzo di programmi e sistemi informatici quali CAD e CAM.</p>



<div style="height:20px" aria-hidden="true" class="wp-block-spacer"></div>



<p style="font-size:16px"><strong>Informatica e Telecomunicazioni</strong>&nbsp;con lo studio della programmazione, analisi, progettazione, installazione e gestione di sistemi informatici, applicazioni e tecnologie web, database, sicurezza informatica e web 4.0.</p>



<div style="height:20px" aria-hidden="true" class="wp-block-spacer"></div>



<p style="font-size:16px"><strong>Elettronica e Automazione</strong>&nbsp;con lo studio dell’intelligenza artificiale, il controllo di sistemi che migliorano la nostra vita, i sistemi produttivi e il nostro ambiente, produzione, collaudo e gestione di sistemi automatizzati e di telecomunicazioni.</p>



<div style="height:20px" aria-hidden="true" class="wp-block-spacer"></div>



<p style="font-size:16px">Gli studenti vivono in un ambiente che manifesta continuamente passione tecnologica senza tralasciare l’attenzione allo studio di materie di base. Nel triennio le materie si ramificano in base all’indirizzo di studi scelto, con materie tipicamente professionalizzanti e specifiche da un indirizzo a un altro.</p>



<div style="height:20px" aria-hidden="true" class="wp-block-spacer"></div>



<p style="font-size:16px">I nostri dati lo confermano, gli alunni sono molto preparati ad affrontare qualsiasi percorso universitario, un’alta percentuale dei nostri studenti consegue il diploma senza bocciature, e i diplomati del Tecnico sono tra i primi a ottenere un’occupazione quasi nell’immediato.</p>



<div style="height:20px" aria-hidden="true" class="wp-block-spacer"></div>



<p style="font-size:16px">In tutto il quinquennio sono previste ore per gli sportelli di recupero per quasi tutte le materie, dedicati agli studenti con maggiori difficoltà che possono così usufruire di lezioni mirate. Una scuola attenta a tutti, sempre con l’obiettivo di favorire processi di trasformazione digitale e innovazione, in grado di valorizzare anche le eccellenze, offrendo la possibilità di partecipare a gare, olimpiadi nazionali, stage per i percorsi di alternanza scuola-lavoro con prestigiose aziende, certificazioni linguistiche e informatiche, corsi specializzati per il conseguimento di patentini tecnici.</p>



<div style="height:100px" aria-hidden="true" class="wp-block-spacer"></div>

<p>IISS &#8220;E. Majorana&#8221; &#8211; Termoli (CB) Fin dal 1972, anno di fondazione, quale sede staccata dell’I.T.I.S. Marconi di Campobasso, si è distinto per la costante ricerca di innovazione che ha permesso la realizzazione di nuove sperimentazioni, espressione di autonomia nel gestire la complessità dei rapporti che caratterizzano il sistema dell’istruzione e della formazione, in particolare [&hellip;]</p>
