{"id":314,"date":"2023-11-28T11:41:40","date_gmt":"2023-11-28T11:41:40","guid":{"rendered":"https:\/\/certermoli.org\/?page_id=314"},"modified":"2024-02-26T19:34:10","modified_gmt":"2024-02-26T19:34:10","slug":"input-laquila-2023","status":"publish","type":"page","link":"https:\/\/certermoli.org\/?page_id=314","title":{"rendered":"INPUT-L&#8217;Aquila 2023"},"content":{"rendered":"<div class=\"wp-block-image\">\n<figure class=\"alignright size-large is-resized\"><img loading=\"lazy\" decoding=\"async\" width=\"1024\" height=\"762\" src=\"https:\/\/certermoli.org\/wp-content\/uploads\/2023\/11\/input_060923_presentazione_0-1024x762.jpg\" alt=\"\" class=\"wp-image-631\" style=\"width:436px;height:auto\" srcset=\"https:\/\/certermoli.org\/wp-content\/uploads\/2023\/11\/input_060923_presentazione_0-1024x762.jpg 1024w, https:\/\/certermoli.org\/wp-content\/uploads\/2023\/11\/input_060923_presentazione_0-300x223.jpg 300w, https:\/\/certermoli.org\/wp-content\/uploads\/2023\/11\/input_060923_presentazione_0-768x571.jpg 768w, https:\/\/certermoli.org\/wp-content\/uploads\/2023\/11\/input_060923_presentazione_0.jpg 1280w\" sizes=\"auto, (max-width: 1024px) 100vw, 1024px\" \/><\/figure>\n<\/div>\n\n\n<p class=\"has-text-color has-link-color wp-elements-91adb7711232797a7dab96f17e135911\" style=\"color:#248721\"><strong>6-8&nbsp;<\/strong><strong>s<\/strong>ettembre&nbsp;2023 &#8211; &#8220;<strong>INPUT \u2013 L\u2019AQUILA 2023<\/strong><strong>&nbsp;&#8211;&nbsp;<\/strong><strong>The 12<\/strong><strong><sup>th<\/sup><\/strong><strong>&nbsp;International Conference<\/strong><strong>&nbsp;<\/strong><strong>on Innovation in Urban and Regional Planning<\/strong>&#8220;<\/p>\n\n\n\n<p class=\"has-text-color has-link-color wp-elements-04552e5250a4aa671a88a14480250d9d\" style=\"color:#248721\"><em>Working for sustainable soil management and the role of land planning<\/em><\/p>\n\n\n\n<p class=\"has-text-color has-link-color wp-elements-1204cb6a151a009cc3b740a7bdb65354\" style=\"color:#248721\">arch.&nbsp;<strong>Antonella&nbsp;TUNDO<\/strong>, arch.&nbsp;<strong>Laura BLASO<\/strong>,&nbsp;ing.&nbsp;<strong>Pasquale CAPEZZUTO<\/strong>, prof. ing.&nbsp;<strong>Paolo MARINUCCI<\/strong>, prof.ssa&nbsp;<strong>Guglielmina MUTANI<\/strong>.<br><strong><a href=\"https:\/\/www.centroplaneco.it\/input2023\/\" target=\"_blank\" rel=\"noreferrer noopener\">https:\/\/www.centroplaneco.it\/input2023\/<\/a><\/strong><\/p>\n\n\n\n<div style=\"height:20px\" aria-hidden=\"true\" class=\"wp-block-spacer\"><\/div>\n\n\n\n<h3 style=\"text-align: center; font-weight: 700;\">INPUT \u2013 L\u2019AQUILA 2023<\/h3>\n<h3 style=\"text-align: center; font-weight: 700;\">The 12th International Conference on Innovation in Urban and Regional Planning<\/h3>\n<h3 style=\"text-align: center; font-weight: 700;\">Working for sustainable soil management and the role of land planning<\/h3>\n<h3 style=\"text-align: center; font-weight: 700;\">6-8 September 2023<\/h3>\n\n\n\n<div style=\"height:20px\" aria-hidden=\"true\" class=\"wp-block-spacer\"><\/div>\n\n\n\n<p>Continua l\u2019impegno&nbsp;dell<strong>\u2019Istituto di Istruzione Secondaria \u201cE. Majorana\u201d<\/strong>&nbsp;di Termoli per la promozione delle comunit\u00e0 energetiche, \u201c<strong>luoghi<\/strong>\u201d in cui \u00e8 possibile consumare e scambiare energia pulita in un\u2019ottica di&nbsp;<strong>collaborazione e autoconsumo<\/strong>.<\/p>\n\n\n\n<div style=\"height:20px\" aria-hidden=\"true\" class=\"wp-block-spacer\"><\/div>\n\n\n\n<p>Il 6, 7 e 8 settembre 2023 si terr\u00e0 \u201c<strong>The 12th International Conference on Innovation in Urban and Regional Planning<\/strong>\u201d organizzato dal DICEAA \u2013 Dipartimento di Ingegneria Civile, Edile-Architettonica e Ambientale dell\u2019Universit\u00e0 degli Studi dell\u2019Aquila. Per questa edizione il titolo del convegno sar\u00e0: \u201c<strong><em>Lavorare per una gestione sostenibile del suolo e il ruolo della pianificazione del territorio<\/em><\/strong>\u201d. La Conferenza si concentrer\u00e0 sul ruolo della pianificazione a diversa scala (dalle strategie ai progetti) per la gestione sostenibile del suolo e lo sviluppo urbano sostenibile.<\/p>\n\n\n\n<div style=\"height:20px\" aria-hidden=\"true\" class=\"wp-block-spacer\"><\/div>\n\n\n\n<p>Le nuove sfide internazionali legate alla sostenibilit\u00e0 richiedono la misurazione delle trasformazioni del territorio attraverso indicatori specifici. I sistemi di pianificazione spaziale e di gestione del territorio svolgono un ruolo cruciale nell\u2019affrontare questioni di riforma politica e investimenti, transizione ecologica e sostenibilit\u00e0 nelle sue tre dimensioni: ambientale, economica e sociale. Integrare la sostenibilit\u00e0 nelle nostre politiche, strategie e pratiche \u00e8 fondamentale per avere un impatto rilevante (positivo) rispetto alle questioni attuali relative a: cambiamento climatico, fornitura di servizi ecosistemici e approvvigionamento energetico.<\/p>\n\n\n\n<div style=\"height:20px\" aria-hidden=\"true\" class=\"wp-block-spacer\"><\/div>\n\n\n\n<p>INPUT2023 sar\u00e0 un&#8217;opportunit\u00e0 per discutere queste importanti questioni e cercare di trovare metodologie innovative e avanzate per fornire sistemi di supporto alle decisioni attraverso la scienza del territorio e l&#8217;ingegneria degli indicatori. Nel corso del Convegno ampio spazio sar\u00e0 dedicato alla presentazione delle nuove tecnologie attraverso l&#8217;organizzazione di workshop specifici ed operativi.<\/p>\n\n\n\n<div style=\"height:20px\" aria-hidden=\"true\" class=\"wp-block-spacer\"><\/div>\n\n\n\n<p>In particolare all\u2019interno della sessione_11 \u201c<em>Research and Standards for Sustainable Spatial Planning<\/em>\u201d ci sar\u00e0 il contributo dal titolo: \u201c<strong>Holistic approach for sustainable cities and communities: best practices in living labs<\/strong>\u201d che vede come autori l\u2019arch.&nbsp;<strong>Antonella TUNDO<\/strong>&nbsp;e arch.&nbsp;<strong>Laura BLASO<\/strong>&nbsp;(<em>ENEA Smart Cities and Communities Laboratory, Smart Energy Division, Department of Energy Technologies and Renewable Sources<\/em>), l\u2019ing.&nbsp;<strong>Pasquale CAPEZZUTO&nbsp;<\/strong>(<em>Chair of U.N.I. Technical Committee 058 \u201cSustainable, cities, communities and infrastructures\u201d<\/em>), il prof. ing.&nbsp;<strong>Paolo MARINUCCI<\/strong>&nbsp;(<em>Department of Electrotechnical and Electronics, IISS \u201cE. Majorana\u201d, Termoli -CB-<\/em>) e la prof.ssa&nbsp;<strong>Guglielmina MUTANI<\/strong>&nbsp;(<em>Department of Energy, R3C, Politecnico di Torino<\/em>).<\/p>\n\n\n\n<div style=\"height:20px\" aria-hidden=\"true\" class=\"wp-block-spacer\"><\/div>\n\n\n\n<p>La ricerca mostra come gestire una visione olistica e sistemica attraverso:<\/p>\n\n\n\n<p>\u00b7 &nbsp; &nbsp; &nbsp; &nbsp; &nbsp; Norme tecniche: Commissione Tecnica 058 dell&#8217;Ente Italiano di Unificazione (U.N.I.), WG3 \u201cInfrastrutture e servizi di citt\u00e0 e comunit\u00e0 intelligenti\u201d norma: \u201cCitt\u00e0, comunit\u00e0 e infrastrutture sostenibili &#8211; Il contributo degli edifici alla sostenibilit\u00e0 delle citt\u00e0 &#8211; Riferimento metodologico e modello di valutazione\u201d<\/p>\n\n\n\n<p>\u00b7 &nbsp; &nbsp; &nbsp; &nbsp; &nbsp; Modellazione energetica degli edifici urbani basati sul posizionamento (UBEM) per l&#8217;ottimizzazione dell&#8217;offerta e della domanda, in un approccio dal basso verso l&#8217;alto orientato alle comunit\u00e0 di energia rinnovabile, utile per il comune<\/p>\n\n\n\n<p>\u00b7 &nbsp; &nbsp; &nbsp; &nbsp; &nbsp; Utilizzo integrato degli strumenti tecnologici alla scala edificio-citt\u00e0; Strumenti disponibili (da ENEA) per la progettazione e gestione di comunit\u00e0 energetiche e piattaforme database per la gestione dei sistemi energetici<\/p>\n\n\n\n<p>\u00b7 &nbsp; &nbsp; &nbsp; &nbsp; &nbsp; Coinvolgimento di stakeholder e cittadini consapevoli, per la condivisione di energia, produzione pulita e benefici sociali (sharing economy). I cittadini sono interrelati e collegati anche da legami immateriali<\/p>\n\n\n\n<div style=\"height:20px\" aria-hidden=\"true\" class=\"wp-block-spacer\"><\/div>\n\n\n\n<p>\u201c<strong>Best practice<\/strong>\u201d \u00e8 la nascente Comunit\u00e0 di Energie Rinnovabili (CER) ideate e promossa dal nostro istituto scolastico \u201c<strong>E. Majorana<\/strong>\u201d di Termoli. Il modello di coinvolgimento di studenti e cittadini, enti locali e atitivit\u00e0 commerciali oltre che imprese in collaborazione con ENEA viene portato ad esempio come \u201cbuona pratica\u201d da seguire per un percorso di transizione energetica e sociale.<\/p>\n\n\n\n<div style=\"height:20px\" aria-hidden=\"true\" class=\"wp-block-spacer\"><\/div>\n\n\n\n<figure class=\"wp-block-gallery has-nested-images columns-default is-cropped wp-block-gallery-1 is-layout-flex wp-block-gallery-is-layout-flex\">\n<figure class=\"wp-block-image size-large\"><img loading=\"lazy\" decoding=\"async\" width=\"1024\" height=\"768\" data-id=\"632\" src=\"https:\/\/certermoli.org\/wp-content\/uploads\/2023\/11\/input_060923_presentazione_1-1024x768.jpeg\" alt=\"\" class=\"wp-image-632\" srcset=\"https:\/\/certermoli.org\/wp-content\/uploads\/2023\/11\/input_060923_presentazione_1-1024x768.jpeg 1024w, https:\/\/certermoli.org\/wp-content\/uploads\/2023\/11\/input_060923_presentazione_1-300x225.jpeg 300w, https:\/\/certermoli.org\/wp-content\/uploads\/2023\/11\/input_060923_presentazione_1-768x576.jpeg 768w, https:\/\/certermoli.org\/wp-content\/uploads\/2023\/11\/input_060923_presentazione_1.jpeg 1280w\" sizes=\"auto, (max-width: 1024px) 100vw, 1024px\" \/><\/figure>\n\n\n\n<figure class=\"wp-block-image size-large\"><img loading=\"lazy\" decoding=\"async\" width=\"1024\" height=\"768\" data-id=\"633\" src=\"https:\/\/certermoli.org\/wp-content\/uploads\/2023\/11\/input_060923_presentazione_2-1024x768.jpeg\" alt=\"\" class=\"wp-image-633\" srcset=\"https:\/\/certermoli.org\/wp-content\/uploads\/2023\/11\/input_060923_presentazione_2-1024x768.jpeg 1024w, https:\/\/certermoli.org\/wp-content\/uploads\/2023\/11\/input_060923_presentazione_2-300x225.jpeg 300w, https:\/\/certermoli.org\/wp-content\/uploads\/2023\/11\/input_060923_presentazione_2-768x576.jpeg 768w, https:\/\/certermoli.org\/wp-content\/uploads\/2023\/11\/input_060923_presentazione_2.jpeg 1280w\" sizes=\"auto, (max-width: 1024px) 100vw, 1024px\" \/><\/figure>\n\n\n\n<figure class=\"wp-block-image size-large\"><img loading=\"lazy\" decoding=\"async\" width=\"1024\" height=\"768\" data-id=\"634\" src=\"https:\/\/certermoli.org\/wp-content\/uploads\/2023\/11\/input_060923_presentazione_3-1024x768.jpeg\" alt=\"\" class=\"wp-image-634\" srcset=\"https:\/\/certermoli.org\/wp-content\/uploads\/2023\/11\/input_060923_presentazione_3-1024x768.jpeg 1024w, https:\/\/certermoli.org\/wp-content\/uploads\/2023\/11\/input_060923_presentazione_3-300x225.jpeg 300w, https:\/\/certermoli.org\/wp-content\/uploads\/2023\/11\/input_060923_presentazione_3-768x576.jpeg 768w, https:\/\/certermoli.org\/wp-content\/uploads\/2023\/11\/input_060923_presentazione_3.jpeg 1280w\" sizes=\"auto, (max-width: 1024px) 100vw, 1024px\" \/><\/figure>\n<\/figure>\n\n\n\n<div style=\"height:20px\" aria-hidden=\"true\" class=\"wp-block-spacer\"><\/div>\n\n\n\n<details class=\"wp-block-details is-layout-flow wp-block-details-is-layout-flow\"><summary>Rassegna Stampa<\/summary>\n<p><a href=\"https:\/\/www.termolionline.it\/news\/attualita\/1128998\/gestione-sostenibile-del-suolo-e-pianificazione-del-territorio-limpegno-del-majorana\" target=\"_blank\" rel=\"noreferrer noopener\">Gestione sostenibile del suolo e pianificazione del territorio, l&#8217;impegno del Majorana<\/a>&nbsp;(<strong>termolionline.it<\/strong>)<\/p>\n\n\n\n<p><a href=\"https:\/\/www.primonumero.it\/2023\/09\/pianificazione-urbana-listituto-majorana-di-termoli-alla-conferenza-internazionale\/1530791944\/\" target=\"_blank\" rel=\"noreferrer noopener\">Pianificazione urbana, l\u2019Istituto Majorana di Termoli alla Conferenza internazionale<\/a>&nbsp;(<strong>primonumero.it<\/strong>)<\/p>\n<\/details>\n\n\n\n<div style=\"height:100px\" aria-hidden=\"true\" class=\"wp-block-spacer\"><\/div>\n","protected":false},"excerpt":{"rendered":"<p>6-8&nbsp;settembre&nbsp;2023 &#8211; &#8220;INPUT \u2013 L\u2019AQUILA 2023&nbsp;&#8211;&nbsp;The 12th&nbsp;International Conference&nbsp;on Innovation in Urban and Regional Planning&#8220; Working for sustainable soil management and the role of land planning arch.&nbsp;Antonella&nbsp;TUNDO, arch.&nbsp;Laura BLASO,&nbsp;ing.&nbsp;Pasquale CAPEZZUTO, prof. ing.&nbsp;Paolo MARINUCCI, prof.ssa&nbsp;Guglielmina MUTANI.https:\/\/www.centroplaneco.it\/input2023\/ INPUT \u2013 L\u2019AQUILA 2023 The 12th International Conference on Innovation in Urban and Regional Planning Working for sustainable soil management and [&hellip;]<\/p>\n","protected":false},"author":1,"featured_media":0,"parent":0,"menu_order":0,"comment_status":"closed","ping_status":"closed","template":"","meta":{"footnotes":""},"class_list":["post-314","page","type-page","status-publish","hentry"],"_links":{"self":[{"href":"https:\/\/certermoli.org\/index.php?rest_route=\/wp\/v2\/pages\/314","targetHints":{"allow":["GET"]}}],"collection":[{"href":"https:\/\/certermoli.org\/index.php?rest_route=\/wp\/v2\/pages"}],"about":[{"href":"https:\/\/certermoli.org\/index.php?rest_route=\/wp\/v2\/types\/page"}],"author":[{"embeddable":true,"href":"https:\/\/certermoli.org\/index.php?rest_route=\/wp\/v2\/users\/1"}],"replies":[{"embeddable":true,"href":"https:\/\/certermoli.org\/index.php?rest_route=%2Fwp%2Fv2%2Fcomments&post=314"}],"version-history":[{"count":7,"href":"https:\/\/certermoli.org\/index.php?rest_route=\/wp\/v2\/pages\/314\/revisions"}],"predecessor-version":[{"id":1401,"href":"https:\/\/certermoli.org\/index.php?rest_route=\/wp\/v2\/pages\/314\/revisions\/1401"}],"wp:attachment":[{"href":"https:\/\/certermoli.org\/index.php?rest_route=%2Fwp%2Fv2%2Fmedia&parent=314"}],"curies":[{"name":"wp","href":"https:\/\/api.w.org\/{rel}","templated":true}]}}