{"id":244,"date":"2023-11-28T11:13:05","date_gmt":"2023-11-28T11:13:05","guid":{"rendered":"https:\/\/certermoli.org\/?page_id=244"},"modified":"2024-02-26T19:20:35","modified_gmt":"2024-02-26T19:20:35","slug":"confronto","status":"publish","type":"page","link":"https:\/\/certermoli.org\/?page_id=244","title":{"rendered":"Confronto"},"content":{"rendered":"\n<h2 class=\"wp-block-heading has-text-color has-link-color wp-elements-9562fd4d48fbe577afc5f5a6563574d1\" style=\"color:#248721;font-size:16px\"><strong>23&nbsp;novembre 2022<\/strong>&nbsp;&#8211;&nbsp;il sito web<\/h2>\n\n\n\n<div class=\"wp-block-columns is-layout-flex wp-container-core-columns-is-layout-9d6595d7 wp-block-columns-is-layout-flex\">\n<div class=\"wp-block-column is-layout-flow wp-block-column-is-layout-flow\">\n<figure class=\"wp-block-image size-large\"><img loading=\"lazy\" decoding=\"async\" width=\"1024\" height=\"869\" src=\"https:\/\/certermoli.org\/wp-content\/uploads\/2023\/11\/sito-1024x869.jpg\" alt=\"Il nostro sito\" class=\"wp-image-656\" srcset=\"https:\/\/certermoli.org\/wp-content\/uploads\/2023\/11\/sito-1024x869.jpg 1024w, https:\/\/certermoli.org\/wp-content\/uploads\/2023\/11\/sito-300x255.jpg 300w, https:\/\/certermoli.org\/wp-content\/uploads\/2023\/11\/sito-768x652.jpg 768w, https:\/\/certermoli.org\/wp-content\/uploads\/2023\/11\/sito.jpg 1280w\" sizes=\"auto, (max-width: 1024px) 100vw, 1024px\" \/><\/figure>\n\n\n\n<figure class=\"wp-block-image size-large\"><img loading=\"lazy\" decoding=\"async\" width=\"836\" height=\"1024\" src=\"https:\/\/certermoli.org\/wp-content\/uploads\/2023\/11\/sito-2-836x1024.jpg\" alt=\"\" class=\"wp-image-669\" srcset=\"https:\/\/certermoli.org\/wp-content\/uploads\/2023\/11\/sito-2-836x1024.jpg 836w, https:\/\/certermoli.org\/wp-content\/uploads\/2023\/11\/sito-2-245x300.jpg 245w, https:\/\/certermoli.org\/wp-content\/uploads\/2023\/11\/sito-2-768x940.jpg 768w, https:\/\/certermoli.org\/wp-content\/uploads\/2023\/11\/sito-2-1255x1536.jpg 1255w, https:\/\/certermoli.org\/wp-content\/uploads\/2023\/11\/sito-2.jpg 1280w\" sizes=\"auto, (max-width: 836px) 100vw, 836px\" \/><\/figure>\n<\/div>\n\n\n\n<div class=\"wp-block-column is-layout-flow wp-block-column-is-layout-flow\">\n<p class=\"has-black-color has-text-color has-link-color wp-elements-5587a6632feeccb78fb153074bd3e347\" style=\"font-size:16px\">L\u2019Istituto Tecnico \u201cE. Majorana\u201d di Termoli, dopo il convegno dello scorso 15 novembre sul tema delle comunit\u00e0 energetiche, continua il lavoro iniziato lanciando il sito web.<\/p>\n\n\n\n<p class=\"has-black-color has-text-color has-link-color wp-elements-0207836059e51c28e80946341974a60c\" style=\"font-size:16px\"><strong>Obiettivo <\/strong>del sito \u00e8 quello di permettere a tutti<strong> i cittadini di seguire le varie fasi di sviluppo del progetto della comunit\u00e0 energetica<\/strong> informandosi ed esprimendo la propria opinione in merito. In tal modo si vuole <strong>sottolineare la dimensione comunitaria del progetto<\/strong> che vede gli studenti ed i cittadini protagonisti di un cambiamento che ha l\u2019obiettivo non solo di razionalizzare i consumi, ma anche di promuovere un approccio alla questione energetica pi\u00f9 sostenibile ed orientato al rispetto della natura.<\/p>\n\n\n\n<p class=\"has-black-color has-text-color has-link-color wp-elements-f42567f64607c2defa2d6a80775b1890\" style=\"font-size:16px\">Il sito sar\u00e0 quindi lo <strong>strumento attraverso il quale la comunit\u00e0 energetica si racconter\u00e0 evidenziando, oltre agli aspetti narrativi e qualitativi, anche i dati tecnici e quantitativi<\/strong> permettendo la condivisione, seppur virtuale, tra gli attori del progetto nella speranza di riuscire a coinvolgere un numero sempre maggiore di cittadini.<\/p>\n<\/div>\n<\/div>\n\n\n\n<details class=\"wp-block-details has-black-color has-text-color has-link-color wp-elements-a6c9e45f725677be75ac8ea118f4db77 is-layout-flow wp-block-details-is-layout-flow\" style=\"font-size:20px\"><summary><strong>Rassegna Stampa<\/strong><\/summary>\n<ul class=\"wp-block-list\">\n<li><a href=\"https:\/\/www.google.com\/url?q=https%3A%2F%2Fwww.termolionline.it%2Fnews%2Fattualita%2F1109817%2Fcomunita-energetiche-il-majorana-fa-sul-serio&amp;sa=D&amp;sntz=1&amp;usg=AOvVaw2QSYNAxglzzM5r9cDaST0V\" target=\"_blank\" rel=\"noreferrer noopener\"><mark style=\"background-color:rgba(0, 0, 0, 0);color:#00b271\" class=\"has-inline-color\">Comunit\u00e0 energetiche, il Majorana fa sul serio<\/mark><\/a> &#8211; (<strong>termolionline.it<\/strong>)<\/li>\n<\/ul>\n\n\n\n<div style=\"height:15px\" aria-hidden=\"true\" class=\"wp-block-spacer\"><\/div>\n\n\n\n<ul class=\"wp-block-list\">\n<li><a href=\"https:\/\/www.google.com\/url?q=https%3A%2F%2Fwww.primonumero.it%2F2022%2F11%2Fcomunita-energetiche-a-termoli-listituto-majorana-lascia-il-sito-web%2F1530755809%2F&amp;sa=D&amp;sntz=1&amp;usg=AOvVaw1wPh2E46zjwuouZH22KXMS\" target=\"_blank\" rel=\"noreferrer noopener\"><mark style=\"background-color:rgba(0, 0, 0, 0);color:#00b271\" class=\"has-inline-color\">Comunit\u00e0 energetiche a Termoli, l\u2019Istituto Majorana lancia il sito web<\/mark><\/a><mark style=\"background-color:rgba(0, 0, 0, 0);color:#00b271\" class=\"has-inline-color\"> <\/mark>&#8211; (<strong>primonumero.it<\/strong>)<\/li>\n<\/ul>\n\n\n\n<div style=\"height:15px\" aria-hidden=\"true\" class=\"wp-block-spacer\"><\/div>\n\n\n\n<ul class=\"wp-block-list\">\n<li><a href=\"http:\/\/www.google.com\/url?q=http%3A%2F%2Fwww.moliseweb.it%2Finfo.php%3Fid%3D47258%26catid%3D2%26cat2id%3D%26cat3id%3D%26tit%3DComunit%25C3%25A0-energetiche-l%2527%25E2%2580%2599Istituto-Tecnico-%25E2%2580%259CE-Majorana%25E2%2580%259D-di-Termoli-lancia-nuovo-sito&amp;sa=D&amp;sntz=1&amp;usg=AOvVaw0p--uIbVbJzG8UEGfpqqOQ\" target=\"_blank\" rel=\"noreferrer noopener\"><mark style=\"background-color:rgba(0, 0, 0, 0);color:#00b271\" class=\"has-inline-color\">Comunit\u00e0 energetiche, l&#8217;\u2019Istituto Tecnico \u201cE. Majorana\u201d di Termoli lancia nuovo sito<\/mark><\/a> &#8211; (<strong>moliseweb.it<\/strong>)<\/li>\n<\/ul>\n<\/details>\n\n\n\n<div style=\"height:100px\" aria-hidden=\"true\" class=\"wp-block-spacer\"><\/div>\n","protected":false},"excerpt":{"rendered":"<p>23&nbsp;novembre 2022&nbsp;&#8211;&nbsp;il sito web L\u2019Istituto Tecnico \u201cE. Majorana\u201d di Termoli, dopo il convegno dello scorso 15 novembre sul tema delle comunit\u00e0 energetiche, continua il lavoro iniziato lanciando il sito web. Obiettivo del sito \u00e8 quello di permettere a tutti i cittadini di seguire le varie fasi di sviluppo del progetto della comunit\u00e0 energetica informandosi ed [&hellip;]<\/p>\n","protected":false},"author":1,"featured_media":0,"parent":0,"menu_order":0,"comment_status":"closed","ping_status":"closed","template":"","meta":{"footnotes":""},"class_list":["post-244","page","type-page","status-publish","hentry"],"_links":{"self":[{"href":"https:\/\/certermoli.org\/index.php?rest_route=\/wp\/v2\/pages\/244","targetHints":{"allow":["GET"]}}],"collection":[{"href":"https:\/\/certermoli.org\/index.php?rest_route=\/wp\/v2\/pages"}],"about":[{"href":"https:\/\/certermoli.org\/index.php?rest_route=\/wp\/v2\/types\/page"}],"author":[{"embeddable":true,"href":"https:\/\/certermoli.org\/index.php?rest_route=\/wp\/v2\/users\/1"}],"replies":[{"embeddable":true,"href":"https:\/\/certermoli.org\/index.php?rest_route=%2Fwp%2Fv2%2Fcomments&post=244"}],"version-history":[{"count":13,"href":"https:\/\/certermoli.org\/index.php?rest_route=\/wp\/v2\/pages\/244\/revisions"}],"predecessor-version":[{"id":1386,"href":"https:\/\/certermoli.org\/index.php?rest_route=\/wp\/v2\/pages\/244\/revisions\/1386"}],"wp:attachment":[{"href":"https:\/\/certermoli.org\/index.php?rest_route=%2Fwp%2Fv2%2Fmedia&parent=244"}],"curies":[{"name":"wp","href":"https:\/\/api.w.org\/{rel}","templated":true}]}}

<h2 class="wp-block-heading has-text-color has-link-color wp-elements-9562fd4d48fbe577afc5f5a6563574d1" style="color:#248721;font-size:16px"><strong>23&nbsp;novembre 2022</strong>&nbsp;&#8211;&nbsp;il sito web</h2>



<div class="wp-block-columns is-layout-flex wp-container-core-columns-is-layout-9d6595d7 wp-block-columns-is-layout-flex">
<div class="wp-block-column is-layout-flow wp-block-column-is-layout-flow">
<figure class="wp-block-image size-large"><img loading="lazy" decoding="async" width="1024" height="869" src="https://certermoli.org/wp-content/uploads/2023/11/sito-1024x869.jpg" alt="Il nostro sito" class="wp-image-656" srcset="https://certermoli.org/wp-content/uploads/2023/11/sito-1024x869.jpg 1024w, https://certermoli.org/wp-content/uploads/2023/11/sito-300x255.jpg 300w, https://certermoli.org/wp-content/uploads/2023/11/sito-768x652.jpg 768w, https://certermoli.org/wp-content/uploads/2023/11/sito.jpg 1280w" sizes="auto, (max-width: 1024px) 100vw, 1024px" /></figure>



<figure class="wp-block-image size-large"><img loading="lazy" decoding="async" width="836" height="1024" src="https://certermoli.org/wp-content/uploads/2023/11/sito-2-836x1024.jpg" alt="" class="wp-image-669" srcset="https://certermoli.org/wp-content/uploads/2023/11/sito-2-836x1024.jpg 836w, https://certermoli.org/wp-content/uploads/2023/11/sito-2-245x300.jpg 245w, https://certermoli.org/wp-content/uploads/2023/11/sito-2-768x940.jpg 768w, https://certermoli.org/wp-content/uploads/2023/11/sito-2-1255x1536.jpg 1255w, https://certermoli.org/wp-content/uploads/2023/11/sito-2.jpg 1280w" sizes="auto, (max-width: 836px) 100vw, 836px" /></figure>
</div>



<div class="wp-block-column is-layout-flow wp-block-column-is-layout-flow">
<p class="has-black-color has-text-color has-link-color wp-elements-5587a6632feeccb78fb153074bd3e347" style="font-size:16px">L’Istituto Tecnico “E. Majorana” di Termoli, dopo il convegno dello scorso 15 novembre sul tema delle comunità energetiche, continua il lavoro iniziato lanciando il sito web.</p>



<p class="has-black-color has-text-color has-link-color wp-elements-0207836059e51c28e80946341974a60c" style="font-size:16px"><strong>Obiettivo </strong>del sito è quello di permettere a tutti<strong> i cittadini di seguire le varie fasi di sviluppo del progetto della comunità energetica</strong> informandosi ed esprimendo la propria opinione in merito. In tal modo si vuole <strong>sottolineare la dimensione comunitaria del progetto</strong> che vede gli studenti ed i cittadini protagonisti di un cambiamento che ha l’obiettivo non solo di razionalizzare i consumi, ma anche di promuovere un approccio alla questione energetica più sostenibile ed orientato al rispetto della natura.</p>



<p class="has-black-color has-text-color has-link-color wp-elements-f42567f64607c2defa2d6a80775b1890" style="font-size:16px">Il sito sarà quindi lo <strong>strumento attraverso il quale la comunità energetica si racconterà evidenziando, oltre agli aspetti narrativi e qualitativi, anche i dati tecnici e quantitativi</strong> permettendo la condivisione, seppur virtuale, tra gli attori del progetto nella speranza di riuscire a coinvolgere un numero sempre maggiore di cittadini.</p>
</div>
</div>



<details class="wp-block-details has-black-color has-text-color has-link-color wp-elements-a6c9e45f725677be75ac8ea118f4db77 is-layout-flow wp-block-details-is-layout-flow" style="font-size:20px"><summary><strong>Rassegna Stampa</strong></summary>
<ul class="wp-block-list">
<li><a href="https://www.google.com/url?q=https%3A%2F%2Fwww.termolionline.it%2Fnews%2Fattualita%2F1109817%2Fcomunita-energetiche-il-majorana-fa-sul-serio&amp;sa=D&amp;sntz=1&amp;usg=AOvVaw2QSYNAxglzzM5r9cDaST0V" target="_blank" rel="noreferrer noopener"><mark style="background-color:rgba(0, 0, 0, 0);color:#00b271" class="has-inline-color">Comunità energetiche, il Majorana fa sul serio</mark></a> &#8211; (<strong>termolionline.it</strong>)</li>
</ul>



<div style="height:15px" aria-hidden="true" class="wp-block-spacer"></div>



<ul class="wp-block-list">
<li><a href="https://www.google.com/url?q=https%3A%2F%2Fwww.primonumero.it%2F2022%2F11%2Fcomunita-energetiche-a-termoli-listituto-majorana-lascia-il-sito-web%2F1530755809%2F&amp;sa=D&amp;sntz=1&amp;usg=AOvVaw1wPh2E46zjwuouZH22KXMS" target="_blank" rel="noreferrer noopener"><mark style="background-color:rgba(0, 0, 0, 0);color:#00b271" class="has-inline-color">Comunità energetiche a Termoli, l’Istituto Majorana lancia il sito web</mark></a><mark style="background-color:rgba(0, 0, 0, 0);color:#00b271" class="has-inline-color"> </mark>&#8211; (<strong>primonumero.it</strong>)</li>
</ul>



<div style="height:15px" aria-hidden="true" class="wp-block-spacer"></div>



<ul class="wp-block-list">
<li><a href="http://www.google.com/url?q=http%3A%2F%2Fwww.moliseweb.it%2Finfo.php%3Fid%3D47258%26catid%3D2%26cat2id%3D%26cat3id%3D%26tit%3DComunit%25C3%25A0-energetiche-l%2527%25E2%2580%2599Istituto-Tecnico-%25E2%2580%259CE-Majorana%25E2%2580%259D-di-Termoli-lancia-nuovo-sito&amp;sa=D&amp;sntz=1&amp;usg=AOvVaw0p--uIbVbJzG8UEGfpqqOQ" target="_blank" rel="noreferrer noopener"><mark style="background-color:rgba(0, 0, 0, 0);color:#00b271" class="has-inline-color">Comunità energetiche, l&#8217;’Istituto Tecnico “E. Majorana” di Termoli lancia nuovo sito</mark></a> &#8211; (<strong>moliseweb.it</strong>)</li>
</ul>
</details>



<div style="height:100px" aria-hidden="true" class="wp-block-spacer"></div>

<p>23&nbsp;novembre 2022&nbsp;&#8211;&nbsp;il sito web L’Istituto Tecnico “E. Majorana” di Termoli, dopo il convegno dello scorso 15 novembre sul tema delle comunità energetiche, continua il lavoro iniziato lanciando il sito web. Obiettivo del sito è quello di permettere a tutti i cittadini di seguire le varie fasi di sviluppo del progetto della comunità energetica informandosi ed [&hellip;]</p>
