{"id":238,"date":"2023-11-28T11:13:54","date_gmt":"2023-11-28T11:13:54","guid":{"rendered":"https:\/\/certermoli.org\/?page_id=238"},"modified":"2024-02-27T10:35:58","modified_gmt":"2024-02-27T10:35:58","slug":"conoscersi","status":"publish","type":"page","link":"https:\/\/certermoli.org\/?page_id=238","title":{"rendered":"Conoscersi"},"content":{"rendered":"\n<h2 class=\"wp-block-heading has-text-align-left has-text-color has-link-color wp-elements-832608dd0671c59740efc065df2caec5\" style=\"color:#248721;font-size:16px\"><strong>15&nbsp;novembre&nbsp;2022<\/strong>&nbsp;&#8211; presentazione del progetto alla cittadinanza per aprire alla raccolta di adesioni<\/h2>\n\n\n\n<div class=\"wp-block-media-text is-stacked-on-mobile\"><figure class=\"wp-block-media-text__media\"><img loading=\"lazy\" decoding=\"async\" width=\"722\" height=\"1024\" src=\"https:\/\/certermoli.org\/wp-content\/uploads\/2023\/11\/LbJL_b3HxDXKWXgzBDdeGOMv80LPn8NXFomeI-q3tVCIPW272Z_3ZS8d_1fHr6Xw7f30eyWyi8XzhEfIevH_dIlUgWunCD8omK_GQtF5jdY-2Ho1fWojYHABrJvN8V9JjAw1280-722x1024.jpg\" alt=\"\" class=\"wp-image-272 size-full\" srcset=\"https:\/\/certermoli.org\/wp-content\/uploads\/2023\/11\/LbJL_b3HxDXKWXgzBDdeGOMv80LPn8NXFomeI-q3tVCIPW272Z_3ZS8d_1fHr6Xw7f30eyWyi8XzhEfIevH_dIlUgWunCD8omK_GQtF5jdY-2Ho1fWojYHABrJvN8V9JjAw1280-722x1024.jpg 722w, https:\/\/certermoli.org\/wp-content\/uploads\/2023\/11\/LbJL_b3HxDXKWXgzBDdeGOMv80LPn8NXFomeI-q3tVCIPW272Z_3ZS8d_1fHr6Xw7f30eyWyi8XzhEfIevH_dIlUgWunCD8omK_GQtF5jdY-2Ho1fWojYHABrJvN8V9JjAw1280-212x300.jpg 212w, https:\/\/certermoli.org\/wp-content\/uploads\/2023\/11\/LbJL_b3HxDXKWXgzBDdeGOMv80LPn8NXFomeI-q3tVCIPW272Z_3ZS8d_1fHr6Xw7f30eyWyi8XzhEfIevH_dIlUgWunCD8omK_GQtF5jdY-2Ho1fWojYHABrJvN8V9JjAw1280-768x1089.jpg 768w, https:\/\/certermoli.org\/wp-content\/uploads\/2023\/11\/LbJL_b3HxDXKWXgzBDdeGOMv80LPn8NXFomeI-q3tVCIPW272Z_3ZS8d_1fHr6Xw7f30eyWyi8XzhEfIevH_dIlUgWunCD8omK_GQtF5jdY-2Ho1fWojYHABrJvN8V9JjAw1280-1083x1536.jpg 1083w, https:\/\/certermoli.org\/wp-content\/uploads\/2023\/11\/LbJL_b3HxDXKWXgzBDdeGOMv80LPn8NXFomeI-q3tVCIPW272Z_3ZS8d_1fHr6Xw7f30eyWyi8XzhEfIevH_dIlUgWunCD8omK_GQtF5jdY-2Ho1fWojYHABrJvN8V9JjAw1280.jpg 1120w\" sizes=\"auto, (max-width: 722px) 100vw, 722px\" \/><\/figure><div class=\"wp-block-media-text__content\">\n<p style=\"font-size:16px\"><br>Marted\u00ec 15 novembre presso la sala del Cinema Sant&#8217;Antonio \u00e8 stato organizzato un convegno sulle comunit\u00e0 energetiche per aprire il progetto alle adesioni dei cittadini. Dopo i saluti della dirigente prof.ssa Maria Maddalena Chimisso e del Sindaco sono intervenuti il dott. Stefano Pizzuti, l&#8217;arch. Laura Blaso e l&#8217;arch. Antonella Tundo tutti dell&#8217;ENEA. L&#8217;incontro \u00e8 stato moderato dal prof. Paolo Marinucci.<\/p>\n\n\n\n<p style=\"font-size:16px\">Subito dopo gli interventi tecnici due studenti hanno raccontato il loro punto di vista sul progetto e sulle attivit\u00e0 che stanno svolgendo.<\/p>\n\n\n\n<p style=\"font-size:16px\">Le conclusioni sono state affidate al prof. Paolo Marinucci che ha invitato i cittadini ad&nbsp;<strong>aderire all&#8217;iniziativa<\/strong>&nbsp;mediante la firma dei moduli disponibili in fondo alla sala. In cosa consiste l&#8217;adesione?&nbsp;<strong>Nulla di vincolante<\/strong>. La richiesta successiva sar\u00e0 quella di&nbsp;<strong>fornire almeno 12 mesi di bollette di energia elettrica<\/strong>. Da questi rendiconti estrapoleremo i dati utili ad iniziare lo studio dei consumi e dei flussi energetici. Seguir\u00e0 dopo lo studio di fattibilit\u00e0 economico.<\/p>\n\n\n\n<div style=\"height:20px\" aria-hidden=\"true\" class=\"wp-block-spacer\"><\/div>\n\n\n\n<div class=\"wp-block-group is-vertical is-content-justification-center is-layout-flex wp-container-core-group-is-layout-4b2eccd6 wp-block-group-is-layout-flex\"><a href=\"https:\/\/certermoli.org\/wp-content\/uploads\/2023\/11\/privacy_doppio-1.pdf\" class=\"pdfemb-viewer\" style=\"\" data-width=\"max\" data-height=\"max\" data-toolbar=\"bottom\" data-toolbar-fixed=\"off\">privacy_doppio-1<\/a>\n<p class=\"wp-block-pdfemb-pdf-embedder-viewer\"><\/p>\n\n\n\n<div class=\"wp-block-file\"><a href=\"https:\/\/certermoli.org\/wp-content\/uploads\/2023\/11\/privacy_doppio-1.pdf\" class=\"wp-block-file__button wp-element-button\" download>Download<\/a><\/div>\n<\/div>\n<\/div><\/div>\n\n\n\n<hr class=\"wp-block-separator has-alpha-channel-opacity is-style-wide\"\/>\n\n\n\n<div style=\"height:20px\" aria-hidden=\"true\" class=\"wp-block-spacer\"><\/div>\n\n\n\n<div class=\"wp-block-group is-content-justification-center is-nowrap is-layout-flex wp-container-core-group-is-layout-94bc23d7 wp-block-group-is-layout-flex\">\n<div class=\"wp-block-group is-vertical is-content-justification-center is-layout-flex wp-container-core-group-is-layout-4b2eccd6 wp-block-group-is-layout-flex\"><a href=\"https:\/\/certermoli.org\/wp-content\/uploads\/2023\/11\/presentazione_arch_blaso_15nov2022.pdf\" class=\"pdfemb-viewer\" style=\"\" data-width=\"max\" data-height=\"max\" data-toolbar=\"bottom\" data-toolbar-fixed=\"off\">presentazione_arch_blaso_15nov2022<\/a>\n<p class=\"wp-block-pdfemb-pdf-embedder-viewer\"><\/p>\n\n\n\n<p style=\"font-size:16px\">Presentazione dell<strong>&#8216;arch. Laura BLASO<\/strong>&nbsp;&#8211;&nbsp;<strong>ENEA&nbsp;<\/strong>&#8211; Responsabile Laboratorio Smart Cities &amp; Communities (TERIN-SEN-SCC)<\/p>\n\n\n\n<div class=\"wp-block-file\"><a href=\"https:\/\/certermoli.org\/wp-content\/uploads\/2023\/11\/presentazione_arch_blaso_15nov2022.pdf\" class=\"wp-block-file__button wp-element-button\" download>Download<\/a><\/div>\n<\/div>\n\n\n\n<div class=\"wp-block-group is-vertical is-content-justification-center is-layout-flex wp-container-core-group-is-layout-4b2eccd6 wp-block-group-is-layout-flex\"><a href=\"https:\/\/certermoli.org\/wp-content\/uploads\/2023\/12\/presentazione_arch_tundo_15nov2022.pdf\" class=\"pdfemb-viewer\" style=\"\" data-width=\"max\" data-height=\"max\" data-toolbar=\"bottom\" data-toolbar-fixed=\"off\">presentazione_arch_tundo_15nov2022<\/a>\n<p class=\"wp-block-pdfemb-pdf-embedder-viewer\"><\/p>\n\n\n\n<p style=\"font-size:16px\">Presentazione dell&#8217;<strong>arch. Antonella TUNDO <\/strong>&#8211; <strong>ENEA <\/strong>&#8211; (TERIN-SEN-SCC)<\/p>\n\n\n\n<div class=\"wp-block-file\"><a href=\"https:\/\/certermoli.org\/wp-content\/uploads\/2023\/11\/presentazione_arch_tundo_15nov2022.pdf\" class=\"wp-block-file__button wp-element-button\" download>Download <\/a><\/div>\n<\/div>\n<\/div>\n\n\n\n<div style=\"height:20px\" aria-hidden=\"true\" class=\"wp-block-spacer\"><\/div>\n\n\n\n<hr class=\"wp-block-separator has-alpha-channel-opacity is-style-wide\"\/>\n\n\n\n<figure class=\"wp-block-gallery has-nested-images columns-default is-cropped wp-block-gallery-1 is-layout-flex wp-block-gallery-is-layout-flex\">\n<figure class=\"wp-block-image size-large\"><img loading=\"lazy\" decoding=\"async\" width=\"768\" height=\"1024\" data-id=\"729\" src=\"https:\/\/certermoli.org\/wp-content\/uploads\/2023\/11\/88wHMtj0FwM993zDa5b09FcrmpZ7lfWCVPKDPePQ2gX0XbFWvMWNiHZdHrQd69plzHjFJCokrWbBL2THxXbFzWow1280-768x1024.jpg\" alt=\"\" class=\"wp-image-729\" srcset=\"https:\/\/certermoli.org\/wp-content\/uploads\/2023\/11\/88wHMtj0FwM993zDa5b09FcrmpZ7lfWCVPKDPePQ2gX0XbFWvMWNiHZdHrQd69plzHjFJCokrWbBL2THxXbFzWow1280-768x1024.jpg 768w, https:\/\/certermoli.org\/wp-content\/uploads\/2023\/11\/88wHMtj0FwM993zDa5b09FcrmpZ7lfWCVPKDPePQ2gX0XbFWvMWNiHZdHrQd69plzHjFJCokrWbBL2THxXbFzWow1280-225x300.jpg 225w, https:\/\/certermoli.org\/wp-content\/uploads\/2023\/11\/88wHMtj0FwM993zDa5b09FcrmpZ7lfWCVPKDPePQ2gX0XbFWvMWNiHZdHrQd69plzHjFJCokrWbBL2THxXbFzWow1280-1152x1536.jpg 1152w, https:\/\/certermoli.org\/wp-content\/uploads\/2023\/11\/88wHMtj0FwM993zDa5b09FcrmpZ7lfWCVPKDPePQ2gX0XbFWvMWNiHZdHrQd69plzHjFJCokrWbBL2THxXbFzWow1280.jpg 1280w\" sizes=\"auto, (max-width: 768px) 100vw, 768px\" \/><\/figure>\n\n\n\n<figure class=\"wp-block-image size-large\"><img loading=\"lazy\" decoding=\"async\" width=\"768\" height=\"1024\" data-id=\"730\" src=\"https:\/\/certermoli.org\/wp-content\/uploads\/2023\/11\/j0mSuHf_obzo4ZMAPg39u8rUiPSAw2CNRugh1F5AePpiXAsfa8cte17zs_FPxlKd6-mIgBEuN4UVN5-y8OHP4aEw1280-768x1024.jpg\" alt=\"\" class=\"wp-image-730\" srcset=\"https:\/\/certermoli.org\/wp-content\/uploads\/2023\/11\/j0mSuHf_obzo4ZMAPg39u8rUiPSAw2CNRugh1F5AePpiXAsfa8cte17zs_FPxlKd6-mIgBEuN4UVN5-y8OHP4aEw1280-768x1024.jpg 768w, https:\/\/certermoli.org\/wp-content\/uploads\/2023\/11\/j0mSuHf_obzo4ZMAPg39u8rUiPSAw2CNRugh1F5AePpiXAsfa8cte17zs_FPxlKd6-mIgBEuN4UVN5-y8OHP4aEw1280-225x300.jpg 225w, https:\/\/certermoli.org\/wp-content\/uploads\/2023\/11\/j0mSuHf_obzo4ZMAPg39u8rUiPSAw2CNRugh1F5AePpiXAsfa8cte17zs_FPxlKd6-mIgBEuN4UVN5-y8OHP4aEw1280-1152x1536.jpg 1152w, https:\/\/certermoli.org\/wp-content\/uploads\/2023\/11\/j0mSuHf_obzo4ZMAPg39u8rUiPSAw2CNRugh1F5AePpiXAsfa8cte17zs_FPxlKd6-mIgBEuN4UVN5-y8OHP4aEw1280.jpg 1280w\" sizes=\"auto, (max-width: 768px) 100vw, 768px\" \/><\/figure>\n\n\n\n<figure class=\"wp-block-image size-large\"><img loading=\"lazy\" decoding=\"async\" width=\"768\" height=\"1024\" data-id=\"731\" src=\"https:\/\/certermoli.org\/wp-content\/uploads\/2023\/11\/F4dHzlC4Kk4s9BQQZyVeL0IYBo-tEbN6d4rjKSr1pNLdB_5oGBMI8K3fegbmbUUq80EXhZfMn15m4jokBkp44A0w1280-768x1024.jpg\" alt=\"\" class=\"wp-image-731\" srcset=\"https:\/\/certermoli.org\/wp-content\/uploads\/2023\/11\/F4dHzlC4Kk4s9BQQZyVeL0IYBo-tEbN6d4rjKSr1pNLdB_5oGBMI8K3fegbmbUUq80EXhZfMn15m4jokBkp44A0w1280-768x1024.jpg 768w, https:\/\/certermoli.org\/wp-content\/uploads\/2023\/11\/F4dHzlC4Kk4s9BQQZyVeL0IYBo-tEbN6d4rjKSr1pNLdB_5oGBMI8K3fegbmbUUq80EXhZfMn15m4jokBkp44A0w1280-225x300.jpg 225w, https:\/\/certermoli.org\/wp-content\/uploads\/2023\/11\/F4dHzlC4Kk4s9BQQZyVeL0IYBo-tEbN6d4rjKSr1pNLdB_5oGBMI8K3fegbmbUUq80EXhZfMn15m4jokBkp44A0w1280-1152x1536.jpg 1152w, https:\/\/certermoli.org\/wp-content\/uploads\/2023\/11\/F4dHzlC4Kk4s9BQQZyVeL0IYBo-tEbN6d4rjKSr1pNLdB_5oGBMI8K3fegbmbUUq80EXhZfMn15m4jokBkp44A0w1280.jpg 1280w\" sizes=\"auto, (max-width: 768px) 100vw, 768px\" \/><\/figure>\n<\/figure>\n\n\n\n<hr class=\"wp-block-separator has-alpha-channel-opacity is-style-wide\"\/>\n\n\n\n<figure class=\"wp-block-embed is-type-video is-provider-youtube wp-block-embed-youtube wp-embed-aspect-16-9 wp-has-aspect-ratio\"><div class=\"wp-block-embed__wrapper\">\n<iframe loading=\"lazy\" title=\"telemolise 16nov2022\" width=\"525\" height=\"295\" src=\"https:\/\/www.youtube.com\/embed\/r3pkrT6NQzU?feature=oembed\" frameborder=\"0\" allow=\"accelerometer; autoplay; clipboard-write; encrypted-media; gyroscope; picture-in-picture; web-share\" referrerpolicy=\"strict-origin-when-cross-origin\" allowfullscreen><\/iframe>\n<\/div><\/figure>\n\n\n\n<figure class=\"wp-block-embed is-type-video is-provider-youtube wp-block-embed-youtube wp-embed-aspect-16-9 wp-has-aspect-ratio\"><div class=\"wp-block-embed__wrapper\">\n<iframe loading=\"lazy\" title=\"tgr Molise 16nov2022\" width=\"525\" height=\"295\" src=\"https:\/\/www.youtube.com\/embed\/4-dAPQsM5ao?feature=oembed\" frameborder=\"0\" allow=\"accelerometer; autoplay; clipboard-write; encrypted-media; gyroscope; picture-in-picture; web-share\" referrerpolicy=\"strict-origin-when-cross-origin\" allowfullscreen><\/iframe>\n<\/div><\/figure>\n\n\n\n<figure class=\"wp-block-embed is-type-video is-provider-youtube wp-block-embed-youtube wp-embed-aspect-16-9 wp-has-aspect-ratio\"><div class=\"wp-block-embed__wrapper\">\n<iframe loading=\"lazy\" title=\"prof Marinucci  Consumare in modo sostenibile\" width=\"525\" height=\"295\" src=\"https:\/\/www.youtube.com\/embed\/pfwG9QuM1E4?feature=oembed\" frameborder=\"0\" allow=\"accelerometer; autoplay; clipboard-write; encrypted-media; gyroscope; picture-in-picture; web-share\" referrerpolicy=\"strict-origin-when-cross-origin\" allowfullscreen><\/iframe>\n<\/div><\/figure>\n\n\n\n<figure class=\"wp-block-embed is-type-video is-provider-youtube wp-block-embed-youtube wp-embed-aspect-16-9 wp-has-aspect-ratio\"><div class=\"wp-block-embed__wrapper\">\n<iframe loading=\"lazy\" title=\"Alessio studente del Majorana  Per il cambiamento serve la volont\u00e0\" width=\"525\" height=\"295\" src=\"https:\/\/www.youtube.com\/embed\/6Kk78JY0vjc?feature=oembed\" frameborder=\"0\" allow=\"accelerometer; autoplay; clipboard-write; encrypted-media; gyroscope; picture-in-picture; web-share\" referrerpolicy=\"strict-origin-when-cross-origin\" allowfullscreen><\/iframe>\n<\/div><\/figure>\n\n\n\n<figure class=\"wp-block-embed is-type-video is-provider-youtube wp-block-embed-youtube wp-embed-aspect-16-9 wp-has-aspect-ratio\"><div class=\"wp-block-embed__wrapper\">\n<iframe loading=\"lazy\" title=\"termolionline 19nov2022\" width=\"525\" height=\"295\" src=\"https:\/\/www.youtube.com\/embed\/_mqaL_wOZo0?feature=oembed\" frameborder=\"0\" allow=\"accelerometer; autoplay; clipboard-write; encrypted-media; gyroscope; picture-in-picture; web-share\" referrerpolicy=\"strict-origin-when-cross-origin\" allowfullscreen><\/iframe>\n<\/div><\/figure>\n\n\n\n<hr class=\"wp-block-separator has-alpha-channel-opacity is-style-wide\"\/>\n\n\n\n<div style=\"height:20px\" aria-hidden=\"true\" class=\"wp-block-spacer\"><\/div>\n\n\n\n<details class=\"wp-block-details is-layout-flow wp-block-details-is-layout-flow\"><summary>Rassegna stampa<\/summary>\n<ul class=\"wp-block-list\">\n<li style=\"font-size:16px\"><a href=\"https:\/\/www.google.com\/url?q=https%3A%2F%2Fwww.termolionline.it%2Fnews%2Fattualita%2F1109516%2Ffrontiere-di-autoconsumo-le-comunita-energetiche&amp;sa=D&amp;sntz=1&amp;usg=AOvVaw2XwF-BnpEDqkwPn3ik4tcH\" target=\"_blank\" rel=\"noreferrer noopener\">Frontiere di autoconsumo: le comunit\u00e0 energetiche<\/a> &#8211; (<strong>termolionline.it<\/strong>)<\/li>\n<\/ul>\n\n\n\n<div style=\"height:15px\" aria-hidden=\"true\" class=\"wp-block-spacer\"><\/div>\n\n\n\n<ul class=\"wp-block-list\">\n<li style=\"font-size:16px\"><a href=\"https:\/\/www.google.com\/url?q=https%3A%2F%2Fwww.primonumero.it%2F2022%2F11%2Fcomunita-energetica-a-termoli-si-comincia-modo-migliore-per-rispondere-alla-crisi%2F1530754680%2F&amp;sa=D&amp;sntz=1&amp;usg=AOvVaw2u5aJ5AIXuTDzr8LFgOzQq\" target=\"_blank\" rel=\"noreferrer noopener\">Comunit\u00e0 energetica a Termoli, si comincia: \u201cModo migliore per rispondere alla crisi\u201d<\/a> &#8211; (<strong>primonumero.it<\/strong>)<\/li>\n<\/ul>\n\n\n\n<div style=\"height:15px\" aria-hidden=\"true\" class=\"wp-block-spacer\"><\/div>\n\n\n\n<ul class=\"wp-block-list\">\n<li style=\"font-size:16px\"><a href=\"https:\/\/www.google.com\/url?q=https%3A%2F%2Fwww.rainews.it%2Ftgr%2Fmolise%2Fvideo%2F2022%2F11%2Fallievi-del-majorana-allo-studio-di-una-comunit-energetica-a-termoli-2d9f3f35-aa2d-4023-978d-53cc4e735507.html&amp;sa=D&amp;sntz=1&amp;usg=AOvVaw0nedtMsg374d4bc9bqSo9x\" target=\"_blank\" rel=\"noreferrer noopener\">Allievi del Majorana allo studio di una comunit\u00e0 energetica a Termoli<\/a> &#8211; (<strong>rainews.it<\/strong>)<\/li>\n<\/ul>\n\n\n\n<div style=\"height:15px\" aria-hidden=\"true\" class=\"wp-block-spacer\"><\/div>\n\n\n\n<ul class=\"wp-block-list\">\n<li style=\"font-size:16px\"><a href=\"https:\/\/www.google.com\/url?q=https%3A%2F%2Fwww.termolionline.it%2Fnews%2Fcultura%2F1109032%2Fcreare-una-comunita-energetica-il-progetto-dellistituto-majorana&amp;sa=D&amp;sntz=1&amp;usg=AOvVaw1v7Mw9kP62xLfhL3iHLnlw\" target=\"_blank\" rel=\"noreferrer noopener\">Creare una &#8220;comunit\u00e0 energetica&#8221;, il progetto dell&#8217;istituto &#8220;Majorana&#8221;<\/a> &#8211; (<strong>termolionline.it<\/strong>)<\/li>\n<\/ul>\n\n\n\n<div style=\"height:15px\" aria-hidden=\"true\" class=\"wp-block-spacer\"><\/div>\n\n\n\n<ul class=\"wp-block-list\">\n<li style=\"font-size:16px\"><a href=\"https:\/\/www.google.com\/url?q=https%3A%2F%2Fit.italy24.press%2Ftrends%2F104038.html&amp;sa=D&amp;sntz=1&amp;usg=AOvVaw03FxY-rociW3dmxX46JUkn\" target=\"_blank\" rel=\"noreferrer noopener\">Transizione ecologica e scuola, tutto pronto per la Comunit\u00e0 Energetica di Termoli<\/a> &#8211; (<strong>italypress.it<\/strong>)<\/li>\n<\/ul>\n\n\n\n<div style=\"height:15px\" aria-hidden=\"true\" class=\"wp-block-spacer\"><\/div>\n\n\n\n<ul class=\"wp-block-list\">\n<li style=\"font-size:16px\"><a href=\"https:\/\/www.google.com\/url?q=https%3A%2F%2Fwww.opmolise.it%2F2022%2F11%2F10%2Ftermoli-cer-comunita-energetiche-progetto-promosso-dalliiss-e-majorana-dal-comune-e-da-enea%2F&amp;sa=D&amp;sntz=1&amp;usg=AOvVaw0dv98xGQZVGsSNTpdtCTPC\" target=\"_blank\" rel=\"noreferrer noopener\">Termoli. \u201cCER \u2013 Comunit\u00e0 Energetiche\u201d, progetto promosso dall\u2019IISS \u201cE. Majorana\u201d, dal Comune e da ENEA<\/a> &#8211; (<strong>opmolise.it<\/strong>)<\/li>\n<\/ul>\n\n\n\n<div style=\"height:15px\" aria-hidden=\"true\" class=\"wp-block-spacer\"><\/div>\n\n\n\n<ul class=\"wp-block-list\">\n<li style=\"font-size:16px\"><a href=\"https:\/\/www.google.com\/url?q=https%3A%2F%2Fwww.primonumero.it%2F2022%2F11%2Fcomunita-energetiche-il-progetto-dellistituto-industriale-si-apre-ai-cittadini-via-alle-adesioni%2F1530754151%2F&amp;sa=D&amp;sntz=1&amp;usg=AOvVaw2KwTI8-tHVT-ZvbDstxjq4\" target=\"_blank\" rel=\"noreferrer noopener\">Comunit\u00e0 energetiche, il progetto dell\u2019Istituto Industriale si apre ai cittadini: via alle adesioni<\/a> &#8211; (<strong>primonumero.it<\/strong>)<\/li>\n\n\n\n<li style=\"font-size:16px\"><\/li>\n<\/ul>\n<\/details>\n\n\n\n<div style=\"height:100px\" aria-hidden=\"true\" class=\"wp-block-spacer\"><\/div>\n","protected":false},"excerpt":{"rendered":"<p>15&nbsp;novembre&nbsp;2022&nbsp;&#8211; presentazione del progetto alla cittadinanza per aprire alla raccolta di adesioni Presentazione dell&#8216;arch. Laura BLASO&nbsp;&#8211;&nbsp;ENEA&nbsp;&#8211; Responsabile Laboratorio Smart Cities &amp; Communities (TERIN-SEN-SCC) Presentazione dell&#8217;arch. Antonella TUNDO &#8211; ENEA &#8211; (TERIN-SEN-SCC)<\/p>\n","protected":false},"author":1,"featured_media":0,"parent":0,"menu_order":0,"comment_status":"closed","ping_status":"closed","template":"","meta":{"footnotes":""},"class_list":["post-238","page","type-page","status-publish","hentry"],"_links":{"self":[{"href":"https:\/\/certermoli.org\/index.php?rest_route=\/wp\/v2\/pages\/238","targetHints":{"allow":["GET"]}}],"collection":[{"href":"https:\/\/certermoli.org\/index.php?rest_route=\/wp\/v2\/pages"}],"about":[{"href":"https:\/\/certermoli.org\/index.php?rest_route=\/wp\/v2\/types\/page"}],"author":[{"embeddable":true,"href":"https:\/\/certermoli.org\/index.php?rest_route=\/wp\/v2\/users\/1"}],"replies":[{"embeddable":true,"href":"https:\/\/certermoli.org\/index.php?rest_route=%2Fwp%2Fv2%2Fcomments&post=238"}],"version-history":[{"count":56,"href":"https:\/\/certermoli.org\/index.php?rest_route=\/wp\/v2\/pages\/238\/revisions"}],"predecessor-version":[{"id":1427,"href":"https:\/\/certermoli.org\/index.php?rest_route=\/wp\/v2\/pages\/238\/revisions\/1427"}],"wp:attachment":[{"href":"https:\/\/certermoli.org\/index.php?rest_route=%2Fwp%2Fv2%2Fmedia&parent=238"}],"curies":[{"name":"wp","href":"https:\/\/api.w.org\/{rel}","templated":true}]}}