{"id":1503,"date":"2024-09-20T10:17:36","date_gmt":"2024-09-20T10:17:36","guid":{"rendered":"https:\/\/certermoli.org\/?page_id=1503"},"modified":"2024-09-20T10:22:26","modified_gmt":"2024-09-20T10:22:26","slug":"didacta-italia-bari","status":"publish","type":"page","link":"https:\/\/certermoli.org\/?page_id=1503","title":{"rendered":"Didacta Italia &#8211; Ed. Puglia"},"content":{"rendered":"\n<p class=\"has-text-color has-link-color has-medium-font-size wp-elements-0d924e6e190c6944924a3921184bb1e5\" style=\"color:#248721\"><strong>17&nbsp;ottobre<\/strong>&nbsp;<strong>2024<\/strong>&nbsp;&#8211;&nbsp;<strong>La scuola per la transizione ecologica. Progetto CER: comunit\u00e0 energetiche rinnovabili.<\/strong><\/p>\n\n\n\n<figure class=\"wp-block-image size-full\"><img loading=\"lazy\" decoding=\"async\" width=\"1068\" height=\"870\" src=\"https:\/\/certermoli.org\/wp-content\/uploads\/2024\/09\/didacta_cer.png\" alt=\"\" class=\"wp-image-1504\" srcset=\"https:\/\/certermoli.org\/wp-content\/uploads\/2024\/09\/didacta_cer.png 1068w, https:\/\/certermoli.org\/wp-content\/uploads\/2024\/09\/didacta_cer-300x244.png 300w, https:\/\/certermoli.org\/wp-content\/uploads\/2024\/09\/didacta_cer-1024x834.png 1024w, https:\/\/certermoli.org\/wp-content\/uploads\/2024\/09\/didacta_cer-768x626.png 768w\" sizes=\"auto, (max-width: 1068px) 100vw, 1068px\" \/><\/figure>\n\n\n\n<p>Il seminario, indirizzato a docenti della scuola secondaria di secondo grado, ha l\u2019obiettivo di condividere pratiche e metodologie realizzate nel progetto \u201cCER Termoli \u2013 comunit\u00e0 energetiche\u201d nonch\u00e9 consentire la replicabilit\u00e0 del progetto in altre realt\u00e0 scolastiche. Il progetto didattico ha formato gli studenti alla transizione energetica e alla costruzione di un nuovo modello di organizzazione sociale, basato sulla produzione e sul consumo di energia proveniente da fonti rinnovabili, che ispiri un modo di abitare pi\u00f9 sostenibile.<\/p>\n\n\n\n<p>Organizzatore: USR per la Puglia<br>Luogo: Stand A06 &#8211; Pad. Adriatico<br>Tipologia di evento: Eventi in Stand<\/p>\n\n\n\n<p><strong>Relatori<\/strong><br><em>Evento a cura dell&#8217;USR Molise<\/em><\/p>\n\n\n\n<p>&#8211; dott.ssa Maria Chimisso, Dirigente Titolare USR Molise<br>&#8211; dott.ssa Maria Maddalena Chimisso, Dirigente scolastico IIS &#8220;E. Majorana&#8221; di Termoli (CB)<br>&#8211; prof. Paolo Marinucci, Docente IIS &#8220;E. Majorana&#8221; di Termoli (CB)<\/p>\n\n\n\n<p><\/p>\n","protected":false},"excerpt":{"rendered":"<p>17&nbsp;ottobre&nbsp;2024&nbsp;&#8211;&nbsp;La scuola per la transizione ecologica. Progetto CER: comunit\u00e0 energetiche rinnovabili. Il seminario, indirizzato a docenti della scuola secondaria di secondo grado, ha l\u2019obiettivo di condividere pratiche e metodologie realizzate nel progetto \u201cCER Termoli \u2013 comunit\u00e0 energetiche\u201d nonch\u00e9 consentire la replicabilit\u00e0 del progetto in altre realt\u00e0 scolastiche. Il progetto didattico ha formato gli studenti alla [&hellip;]<\/p>\n","protected":false},"author":1,"featured_media":0,"parent":0,"menu_order":0,"comment_status":"closed","ping_status":"closed","template":"","meta":{"footnotes":""},"class_list":["post-1503","page","type-page","status-publish","hentry"],"_links":{"self":[{"href":"https:\/\/certermoli.org\/index.php?rest_route=\/wp\/v2\/pages\/1503","targetHints":{"allow":["GET"]}}],"collection":[{"href":"https:\/\/certermoli.org\/index.php?rest_route=\/wp\/v2\/pages"}],"about":[{"href":"https:\/\/certermoli.org\/index.php?rest_route=\/wp\/v2\/types\/page"}],"author":[{"embeddable":true,"href":"https:\/\/certermoli.org\/index.php?rest_route=\/wp\/v2\/users\/1"}],"replies":[{"embeddable":true,"href":"https:\/\/certermoli.org\/index.php?rest_route=%2Fwp%2Fv2%2Fcomments&post=1503"}],"version-history":[{"count":2,"href":"https:\/\/certermoli.org\/index.php?rest_route=\/wp\/v2\/pages\/1503\/revisions"}],"predecessor-version":[{"id":1507,"href":"https:\/\/certermoli.org\/index.php?rest_route=\/wp\/v2\/pages\/1503\/revisions\/1507"}],"wp:attachment":[{"href":"https:\/\/certermoli.org\/index.php?rest_route=%2Fwp%2Fv2%2Fmedia&parent=1503"}],"curies":[{"name":"wp","href":"https:\/\/api.w.org\/{rel}","templated":true}]}}

<p class="has-text-color has-link-color has-medium-font-size wp-elements-0d924e6e190c6944924a3921184bb1e5" style="color:#248721"><strong>17&nbsp;ottobre</strong>&nbsp;<strong>2024</strong>&nbsp;&#8211;&nbsp;<strong>La scuola per la transizione ecologica. Progetto CER: comunità energetiche rinnovabili.</strong></p>



<figure class="wp-block-image size-full"><img loading="lazy" decoding="async" width="1068" height="870" src="https://certermoli.org/wp-content/uploads/2024/09/didacta_cer.png" alt="" class="wp-image-1504" srcset="https://certermoli.org/wp-content/uploads/2024/09/didacta_cer.png 1068w, https://certermoli.org/wp-content/uploads/2024/09/didacta_cer-300x244.png 300w, https://certermoli.org/wp-content/uploads/2024/09/didacta_cer-1024x834.png 1024w, https://certermoli.org/wp-content/uploads/2024/09/didacta_cer-768x626.png 768w" sizes="auto, (max-width: 1068px) 100vw, 1068px" /></figure>



<p>Il seminario, indirizzato a docenti della scuola secondaria di secondo grado, ha l’obiettivo di condividere pratiche e metodologie realizzate nel progetto “CER Termoli – comunità energetiche” nonché consentire la replicabilità del progetto in altre realtà scolastiche. Il progetto didattico ha formato gli studenti alla transizione energetica e alla costruzione di un nuovo modello di organizzazione sociale, basato sulla produzione e sul consumo di energia proveniente da fonti rinnovabili, che ispiri un modo di abitare più sostenibile.</p>



<p>Organizzatore: USR per la Puglia<br>Luogo: Stand A06 &#8211; Pad. Adriatico<br>Tipologia di evento: Eventi in Stand</p>



<p><strong>Relatori</strong><br><em>Evento a cura dell&#8217;USR Molise</em></p>



<p>&#8211; dott.ssa Maria Chimisso, Dirigente Titolare USR Molise<br>&#8211; dott.ssa Maria Maddalena Chimisso, Dirigente scolastico IIS &#8220;E. Majorana&#8221; di Termoli (CB)<br>&#8211; prof. Paolo Marinucci, Docente IIS &#8220;E. Majorana&#8221; di Termoli (CB)</p>



<p></p>

<p>17&nbsp;ottobre&nbsp;2024&nbsp;&#8211;&nbsp;La scuola per la transizione ecologica. Progetto CER: comunità energetiche rinnovabili. Il seminario, indirizzato a docenti della scuola secondaria di secondo grado, ha l’obiettivo di condividere pratiche e metodologie realizzate nel progetto “CER Termoli – comunità energetiche” nonché consentire la replicabilità del progetto in altre realtà scolastiche. Il progetto didattico ha formato gli studenti alla [&hellip;]</p>
